{"id":11337,"date":"2018-07-18T12:07:28","date_gmt":"2018-07-18T10:07:28","guid":{"rendered":"http:\/\/www.german-startups.com\/?page_id=11337"},"modified":"2019-07-12T11:09:41","modified_gmt":"2019-07-12T09:09:41","slug":"pressemitteilung-vom-18-juli-2018","status":"publish","type":"page","link":"https:\/\/tpgholding.com\/index.php\/pressemitteilung-vom-18-juli-2018\/","title":{"rendered":"Pressemitteilung vom <br> 18. Juli 2018"},"content":{"rendered":"<p style=\"text-align: center;\"><img decoding=\"async\" src=\"https:\/\/tpgholding.com\/wp-content\/uploads\/2018\/08\/GS_Group_transparent-150x150.png\" alt=\"GS_Group_transparent\" \/><\/p>\n<p>&nbsp;<\/p>\n<p style=\"text-align: center; padding:0px; margin:0px\">+++ Pressemitteilung +++<\/p>\n<p style=\"text-align: center; padding:50px; margin:0px\"><strong>German Startups Group schlie\u00dft Aktienr\u00fcckkauf von 200.000 eigenen Aktien ab<\/strong><\/p>\n<p><strong>Berlin, 18. Juli 2018 \u2013 <\/strong>Die German Startups Group, ein f\u00fchrender Venture-Capital-Investor in Deutschland und Digitalagentur mit 140 Mitarbeitern mit Sitz in Berlin, schlie\u00dft Aktienr\u00fcckkauf ab. Im Rahmen des am 15. Juni 2018 auf der Internetseite der Gesellschaft und im Bundesanzeiger ver\u00f6ffentlichten \u00f6ffentlichen Aktienr\u00fcckkaufangebots sind der German Startups Group GmbH &#038; Co. KGaA bis zum Ablauf der Annahmefrist am 15. Juli 2018 (12:00 Uhr CET) insgesamt 1.956 Tsd. Aktien angedient worden.<\/p>\n<p>Das Aktienr\u00fcckkaufangebot der German Startups Group GmbH &#038; Co. KGaA bezog sich auf den Erwerb von bis zu 200.000 auf den Namen lautenden nennwertlosen St\u00fcckaktien der German Startups Group GmbH &#038; Co. KGaA gegen Zahlung von EUR 1,85 je Aktie. Da die Gesamtzahl der Aktien, die im Rahmen des Angebots angedient wurden, 200.000 St\u00fcck \u00fcberschreitet, werden alle Annahmeerkl\u00e4rungen nach Ma\u00dfgabe von Ziffer 3.5 der Angebotsunterlage des Aktienr\u00fcckkaufangebots pro rata ber\u00fccksichtigt, also pro 100 angediente Aktien 10,22 Aktien von der Gesellschaft zum Kurs von 1,85 Euro erworben.<\/p>\n<p>Die von Aktion\u00e4ren angedienten Aktien, f\u00fcr die die erhaltenen Annahmeerkl\u00e4rungen ber\u00fccksichtigt werden konnten, werden voraussichtlich am 23. Juli 2018 Zug um Zug gegen Gutschrift des Angebotspreises aus den Kundendepots ausgebucht. Aktien, f\u00fcr die die Annahmeerkl\u00e4rung aufgrund der verh\u00e4ltnism\u00e4\u00dfigen Ber\u00fccksichtigung nicht ber\u00fccksichtigt werden konnten, verbleiben in den Kundendepots und werden auf die f\u00fcr die \u00fcbrigen GSG-Aktien geltende urspr\u00fcngliche, im Scale Segment des Freiverkehrs der Frankfurter Wertpapierb\u00f6rse gehandelte Wertpapierkennnummer (WKN) A1MMEV4 bzw. ISIN DE000A1MMEV4 zur\u00fcckgebucht.<\/p>\n<p>Nach Durchf\u00fchrung des Aktienr\u00fcckkaufs besitzt die German Startups Group insgesammt 230.285 eigene Aktien (knapp 2 % des Grundkapitals der Gesellschaft).<\/p>\n<p>Die Gesch\u00e4ftsf\u00fchrung der German Startups Group sieht sich durch den Erfolg ihres \u00f6ffentlichen Aktienr\u00fcckkaufangebots in ihrer Absicht best\u00e4rkt, weitere Beteiligungsver\u00e4u\u00dferungen durchzuf\u00fchren, dabei m\u00f6glichst Ver\u00e4u\u00dferungsgewinne zu realisieren und diese den Aktion\u00e4ren in Form von Aktienr\u00fcckk\u00e4ufen gutzubringen.<\/p>\n<p>&nbsp;<\/p>\n<p><strong>Investor Relations Kontakt<\/strong><br \/>\n<strong>German Startups Group<\/strong><br \/>\nMarcel Doeppes<br \/>\nir@tpgholding.com<br \/>\n<a href=\"https:\/\/tpgholding.com\/\">www.tpgholding.com<\/a><\/p>\n<p>&nbsp;<\/p>\n<p><u><a href=\"https:\/\/tpgholding.com\/wp-content\/uploads\/2018\/07\/20180718-German-Startups-Group-schlie\u00dft-Aktienrueckkauf-von-200000-eigenen-Aktien-ab-2.pdf\" rel=\"\" target=\"_blank\" rel=\"nofollow\">Hier klicken f\u00fcr die PDF-Version<\/a><\/u><\/p>\n<p>&nbsp;<\/p>\n<p><strong>German Startups Group \u2013 Wir lieben Startups!<\/strong><\/p>\n<p>Die German Startups Group ist ein b\u00f6rsennotierter, f\u00fchrender Venture Capital-Anbieter in Deutschland und zugleich Digitalagentur mit 150 Mitarbeitern mit Sitz in Berlin und mit Fokus auf junge, schnell wachsende Unternehmen, sog. Startups. Sie erwirbt Mehrheits- und Minderheitsbeteiligungen durch Bereitstellung von Venture Capital. Ihr Fokus liegt auf deutschen Tech-Wachstumsunternehmen, deren Produkte oder Gesch\u00e4ftsmodelle eine disruptive Innovation aufweisen, eine hohe Skalierbarkeit erwarten lassen und bei denen sie Vertrauen in die unternehmerischen F\u00e4higkeiten der Gr\u00fcnder hat. Seit der Aufnahme der Gesch\u00e4ftst\u00e4tigkeit im Jahr 2012 hat die German Startups Group ein diversifiziertes Portfolio von Anteilen an solchen Unternehmen aufgebaut und sich zum aktivsten privaten Venture-Capital-Investor seit 2012 in Deutschland entwickelt (CB Insights 2015, PitchBook 2016). Daneben betreibt die Gesellschaft mit der G|S Market\u2122 ihrer hundertprozentigen Tochtergesellschaft German Startups Market GmbH seit Juni 2018 eine Sekund\u00e4rmarktplattform f\u00fcr die Assetklasse &lt;German Startups | VC | Tech&gt;. Ihre mehrheitliche Beteiligung German Startups Asset Management GmbH wird k\u00fcnftig neuartige, eigene VC-Fonds auflegen und auf G|S Market auf Erwerberseite Zweckgesellschaften (\u201eSPVs\u201c) bereitstellen, um mehreren Anlegern in Form von gepoolten Investments auch den Erwerb gr\u00f6\u00dferer Investmentopportunit\u00e4ten zu erm\u00f6glichen.<\/p>\n<p>&nbsp;<\/p>\n<p>Mehr Informationen unter <a href=\"https:\/\/tpgholding.com\/\">https:\/\/tpgholding.com\/<\/a>.<\/p>\n<p>&nbsp;<\/p>\n","protected":false},"excerpt":{"rendered":"<p>&nbsp; +++ Pressemitteilung +++ German Startups Group schlie\u00dft Aktienr\u00fcckkauf von 200.000 eigenen Aktien ab Berlin, 18. Juli 2018 \u2013 Die German Startups Group, ein f\u00fchrender Venture-Capital-Investor in Deutschland und Digitalagentur mit 140 Mitarbeitern mit Sitz in Berlin, schlie\u00dft Aktienr\u00fcckkauf ab. Im Rahmen des am 15. Juni 2018 auf der Internetseite der Gesellschaft und im Bundesanzeiger [&hellip;]<\/p>\n","protected":false},"author":4,"featured_media":0,"parent":0,"menu_order":0,"comment_status":"closed","ping_status":"closed","template":"page-full.php","meta":[],"_links":{"self":[{"href":"https:\/\/tpgholding.com\/index.php\/wp-json\/wp\/v2\/pages\/11337"}],"collection":[{"href":"https:\/\/tpgholding.com\/index.php\/wp-json\/wp\/v2\/pages"}],"about":[{"href":"https:\/\/tpgholding.com\/index.php\/wp-json\/wp\/v2\/types\/page"}],"author":[{"embeddable":true,"href":"https:\/\/tpgholding.com\/index.php\/wp-json\/wp\/v2\/users\/4"}],"replies":[{"embeddable":true,"href":"https:\/\/tpgholding.com\/index.php\/wp-json\/wp\/v2\/comments?post=11337"}],"version-history":[{"count":2,"href":"https:\/\/tpgholding.com\/index.php\/wp-json\/wp\/v2\/pages\/11337\/revisions"}],"predecessor-version":[{"id":12469,"href":"https:\/\/tpgholding.com\/index.php\/wp-json\/wp\/v2\/pages\/11337\/revisions\/12469"}],"wp:attachment":[{"href":"https:\/\/tpgholding.com\/index.php\/wp-json\/wp\/v2\/media?parent=11337"}],"curies":[{"name":"wp","href":"https:\/\/api.w.org\/{rel}","templated":true}]}}