{"id":11405,"date":"2018-06-19T17:31:58","date_gmt":"2018-06-19T15:31:58","guid":{"rendered":"http:\/\/www.german-startups.com\/?page_id=11405"},"modified":"2019-07-12T11:06:15","modified_gmt":"2019-07-12T09:06:15","slug":"verkaufsgespraeche-ueber-mehrheitsbeteiligung-fuer-die-sommerpause-unterbrochen","status":"publish","type":"page","link":"https:\/\/tpgholding.com\/index.php\/verkaufsgespraeche-ueber-mehrheitsbeteiligung-fuer-die-sommerpause-unterbrochen\/","title":{"rendered":"Pressemitteilung vom <br> 19. Juni 2018"},"content":{"rendered":"<p style=\"text-align: center;\"><img decoding=\"async\" src=\"https:\/\/tpgholding.com\/wp-content\/uploads\/2018\/08\/GS_Group_transparent-150x150.png\" alt=\"GS_Group_transparent\" \/><\/p>\n<p>&nbsp;<\/p>\n<p style=\"text-align: center; padding:0px; margin:0px\">+++ Pressemitteilung +++<\/p>\n<p style=\"text-align: center; padding:50px; margin:0px\"><strong>Verkaufsgespr\u00e4che \u00fcber Mehrheitsbeteiligung<br \/>\nf\u00fcr die Sommerpause unterbrochen<\/strong><\/p>\n<p><strong>Berlin, 19. Juni 2018 \u2013 <\/strong>Die German Startups Group GmbH &#038; Co. KGaA, ein f\u00fchrender Venture-Capital-Investor in Deutschland und eine Digitalagentur mit 140 Mitarbeitern mit Sitz in Berlin, hat die vor f\u00fcnf Wochen als begonnen gemeldeten konkreten Verkaufsverhandlungen \u00fcber einen Verkauf ihres 50,7%igen Anteils an der Exozet Berlin GmbH f\u00fcr die Monate Juli und August zun\u00e4chst unterbrochen. In der Zwischenzeit hat sich auch von dritter Seite Kaufinteresse gezeigt. Das Management der German Startups Group hat keinerlei Zeitdruck, ihren Anteil an der Exozet-Gruppe zu ver\u00e4u\u00dfern, sondern ist \u00fcberzeugt, dass dieser in 2018 eine sehr positive Wertentwicklung verzeichnen wird.<\/p>\n<p>Auf die T\u00e4tigkeit von Exozet, auf ihre Kunden und Mitarbeiter haben diese Themen keinerlei Auswirkungen.<\/p>\n<p>&nbsp;<\/p>\n<p><strong>Investor Relations Kontakt<\/strong><br \/>\n<strong>German Startups Group<\/strong><br \/>\nMarcel Doeppes<br \/>\nir@tpgholding.com<br \/>\n<a href=\"https:\/\/tpgholding.com\/\">www.tpgholding.com<\/a><\/p>\n<p>&nbsp;<\/p>\n<p><u><a href=\"https:\/\/tpgholding.com\/wp-content\/uploads\/2018\/06\/20180619-GSG-Verkaufsgespraeche-ueber-Mehrheitsbeteiligung-fuer-die-Sommerpause-unterbrochen.pdf\" rel=\"\" target=\"_blank\" rel=\"nofollow\">Hier klicken f\u00fcr die PDF-Version<\/a><\/u><\/p>\n<p>&nbsp;<\/p>\n<p><strong>German Startups Group \u2013 Wir lieben Startups!<\/strong><\/p>\n<p>Die German Startups Group ist eine b\u00f6rsennotierte Beteiligungsgesellschaft und Digitalagentur mit Sitz in Berlin und mit Fokus auf junge, schnell wachsende Unternehmen, sog. Startups. Sie erwirbt Mehrheits- und Minderheitsbeteiligungen, insb. durch Bereitstellung von Venture Capital. Ihr Fokus liegt auf Unternehmen, deren Produkte oder Gesch\u00e4ftsmodelle eine disruptive Innovation beinhalten, eine hohe Skalierbarkeit erwarten lassen und bei denen sie Vertrauen in die unternehmerischen F\u00e4higkeiten der Gr\u00fcnder hat. Der geografische Fokus liegt auf dem deutschsprachigen Raum. Seit der Aufnahme der Gesch\u00e4ftst\u00e4tigkeit im Jahr 2012 hat die German Startups Group ein ihrer Ansicht nach diversifiziertes Portfolio von Anteilen an jungen Unternehmen aufgebaut und sich zum aktivsten privaten Venture-Capital-Investor seit 2012 in Deutschland entwickelt (CB Insights 2015, PitchBook 2016). Von den 37 Minderheitsbeteiligungen an operativ t\u00e4tigen Unternehmen sind 20 f\u00fcr die Gesellschaft wesentlich und machen zusammen knapp 90% des Werts aller 37 aktiven Minderheitsbeteiligungen aus (Stand: 31.12.2017). Die 10 Fokusbeteiligungen verk\u00f6rpern zwei Drittel des Werts aller aktiven Minderheitsbeteiligungen. Nach Ansicht der Gesellschaft spiegelt das Beteiligungsportfolio einen Querschnitt von vielversprechenden deutschen Startups verschiedener Reifegrade (&#8220;Seed&#8221;, &#8220;Early&#8221; und &#8220;Growth Stage&#8221; nach Definition der Gesellschaft) wider und enth\u00e4lt manche der erfolgreichsten und bekanntesten deutschen Startups.<\/p>\n<p>&nbsp;<\/p>\n<p>Mehr Informationen unter <a href=\"https:\/\/tpgholding.com\/\">https:\/\/tpgholding.com\/<\/a>.<\/p>\n<p>&nbsp;<\/p>\n","protected":false},"excerpt":{"rendered":"<p>&nbsp; +++ Pressemitteilung +++ Verkaufsgespr\u00e4che \u00fcber Mehrheitsbeteiligung f\u00fcr die Sommerpause unterbrochen Berlin, 19. Juni 2018 \u2013 Die German Startups Group GmbH &#038; Co. KGaA, ein f\u00fchrender Venture-Capital-Investor in Deutschland und eine Digitalagentur mit 140 Mitarbeitern mit Sitz in Berlin, hat die vor f\u00fcnf Wochen als begonnen gemeldeten konkreten Verkaufsverhandlungen \u00fcber einen Verkauf ihres 50,7%igen Anteils [&hellip;]<\/p>\n","protected":false},"author":4,"featured_media":0,"parent":0,"menu_order":0,"comment_status":"closed","ping_status":"closed","template":"page-full.php","meta":[],"_links":{"self":[{"href":"https:\/\/tpgholding.com\/index.php\/wp-json\/wp\/v2\/pages\/11405"}],"collection":[{"href":"https:\/\/tpgholding.com\/index.php\/wp-json\/wp\/v2\/pages"}],"about":[{"href":"https:\/\/tpgholding.com\/index.php\/wp-json\/wp\/v2\/types\/page"}],"author":[{"embeddable":true,"href":"https:\/\/tpgholding.com\/index.php\/wp-json\/wp\/v2\/users\/4"}],"replies":[{"embeddable":true,"href":"https:\/\/tpgholding.com\/index.php\/wp-json\/wp\/v2\/comments?post=11405"}],"version-history":[{"count":2,"href":"https:\/\/tpgholding.com\/index.php\/wp-json\/wp\/v2\/pages\/11405\/revisions"}],"predecessor-version":[{"id":12465,"href":"https:\/\/tpgholding.com\/index.php\/wp-json\/wp\/v2\/pages\/11405\/revisions\/12465"}],"wp:attachment":[{"href":"https:\/\/tpgholding.com\/index.php\/wp-json\/wp\/v2\/media?parent=11405"}],"curies":[{"name":"wp","href":"https:\/\/api.w.org\/{rel}","templated":true}]}}