{"id":11436,"date":"2018-08-24T11:20:56","date_gmt":"2018-08-24T09:20:56","guid":{"rendered":"http:\/\/www.german-startups.com\/?page_id=11436"},"modified":"2019-07-12T11:12:44","modified_gmt":"2019-07-12T09:12:44","slug":"ad-hoc-mitteilung-vom-24-august-2018","status":"publish","type":"page","link":"https:\/\/tpgholding.com\/index.php\/ad-hoc-mitteilung-vom-24-august-2018\/","title":{"rendered":"Ad-hoc Mitteilung vom <br> 24. August 2018"},"content":{"rendered":"<p style=\"text-align: center;\"><img decoding=\"async\" src=\"https:\/\/tpgholding.com\/wp-content\/uploads\/2018\/08\/GS_Group_transparent-150x150.png\" alt=\"GS_Group_transparent\" \/><\/p>\n<p>&nbsp;<\/p>\n<p style=\"text-align: center; padding:0px; margin:0px\">+++ Ad-hoc Mitteilung +++<\/p>\n<p style=\"text-align: center; padding:50px; margin:0px\"><strong>German Startups Group plant weitere R\u00fcckk\u00e4ufe der eigenen Aktie<\/strong><br \/>\nDer rechtlich zul\u00e4ssige Rahmen soll voll ausgesch\u00f6pft werden<\/p>\n<p><strong>Berlin, 24. August 2018 \u2013 <\/strong>Die German Startups Group, ein f\u00fchrender Venture-Capital-Investor in Deutschland und Digitalagentur mit 150 Mitarbeitern mit Sitz in Berlin, plant weitere Aktienr\u00fcckk\u00e4ufe. Die ge\u00e4nderte Gesch\u00e4ftsstrategie des Betriebs einer offenen Marktplattform f\u00fcr Tech Assets der G|S Market und einer Kapitalverwaltungsgesellschaft, der German Startups Asset-Management GmbH, ist nicht sehr kapitalintensiv, sodass der Gesch\u00e4ftsf\u00fchrung die bestehende Kapitalbasis \u00fcberdimensioniert erscheint und sich Aktienr\u00fcckk\u00e4ufe anbieten.<\/p>\n<p>Aus der sukzessiven Ver\u00e4u\u00dferung ihres Bestandsportfolios an inzwischen zu einem guten Anteil exit-reifen Minderheitsbeteiligungen und eventuell auch ihrer Mehrheitsbeteiligung erhofft sich die Gesch\u00e4ftsf\u00fchrung der German Startups Group mittelfristig Ver\u00e4u\u00dferungserl\u00f6se in Gr\u00f6\u00dfenordnung des Buchwerts des Eigenkapitals von rund 30 Mio. Euro, nach der hieraus vorzunehmenden Tilgung ihrer Finanzverbindlichkeiten, davon den \u00fcberwiegenden Teil bis Ende 2020. Das w\u00e4re deutlich mehr als die derzeitige Marktkapitalisierung der German Startups Group.<\/p>\n<p>Solange die Aktie in den Augen der Gesch\u00e4ftsf\u00fchrung deutlich unter dem Net Asset Value (NAV) pro Aktie notiert, will die Gesch\u00e4ftsf\u00fchrung solche Ver\u00e4u\u00dferungserl\u00f6se vorbehaltlich der Zustimmung des Aufsichtsrats f\u00fcr weitere R\u00fcckk\u00e4ufe der eigenen Aktie unter Ausschluss des Bezugsrechts nutzen und den daf\u00fcr zul\u00e4ssigen Rahmen voll aussch\u00f6pfen.<\/p>\n<p>Die German Startups Group war nach vorl\u00e4ufigen Erkenntnissen im ersten Halbjahr 2018 erneut profitabel (IFRS Konzern) und ver\u00f6ffentlich ihren Zwischenbericht Ende September.<\/p>\n<p>&nbsp;<\/p>\n<p><u>Erl\u00e4uterungen<\/u><\/p>\n<p>Die German Startups Group kommt mit ihrer strategischen Transformation hin zu einem FinTech-Unternehmen z\u00fcgig voran. Als solches betreibt sie eine offene Marktplattform f\u00fcr Tech Assets und daneben k\u00fcnftig auch Asset-Management neuartiger VC-Fonds, einschlie\u00dflich sogenannter Feeder-Fonds oder Fund-of-funds und wird hieraus Kommissionen, Management Fees und Carries vereinnahmen. Beide neuen Gesch\u00e4ftsbereiche erg\u00e4nzen und f\u00f6rdern sich gegenseitig und d\u00fcrften k\u00fcnftig einen wesentlichen Beitrag zum Wert der Gesellschaft leisten. Diese zu betreiben ist hingegen nicht sehr kapitalintensiv, sodass der Gesch\u00e4ftsf\u00fchrung die bestehende Kapitalbasis \u00fcberdimensioniert erscheint und sich Aktienr\u00fcckk\u00e4ufe anbieten.<\/p>\n<p>Die derzeitige Marktkapitalisierung der German Startups Group leidet in den Augen ihrer Gesch\u00e4ftsf\u00fchrung unter einem hohen Abschlag auf den Net Asset Value (NAV) pro Aktie. Einigen ihrer Minderheitsbeteiligungen traut die Gesch\u00e4ftsf\u00fchrung sogar noch deutlichen Wertzuwachs zu. Die bis zur Vereinnahmung dieser Erl\u00f6se anfallenden eigenen Kosten will die Gesellschaft weiterhin geringhalten, um den Nettoerl\u00f6s zu maximieren.<\/p>\n<p>&nbsp;<\/p>\n<p><strong>Investor Relations Kontakt<\/strong><br \/>\n<strong>German Startups Group<\/strong><br \/>\nMarcel Doeppes<br \/>\nir@tpgholding.com<br \/>\n<a href=\"https:\/\/tpgholding.com\/\">www.tpgholding.com<\/a><\/p>\n<p>&nbsp;<\/p>\n<p><u><a href=\"https:\/\/tpgholding.com\/wp-content\/uploads\/2018\/08\/20180824-German-Startups-Group-plant-weitere-R\u00fcckk\u00e4ufe-der-eigenen-Aktie.pdf\"rel=\"\" target=\"_blank\" rel=\"nofollow\">Hier klicken f\u00fcr die PDF-Version<\/a><\/u><\/p>\n<p>&nbsp;<\/p>\n<p><strong>German Startups Group \u2013 Wir lieben Startups!<\/strong><\/p>\n<p>Die German Startups Group ist ein b\u00f6rsennotierter, f\u00fchrender Venture Capital-Anbieter in Deutschland und zugleich Digitalagentur mit 150 Mitarbeitern mit Sitz in Berlin und mit Fokus auf junge, schnell wachsende Unternehmen, sog. Startups. Sie erwirbt Mehrheits- und Minderheitsbeteiligungen durch Bereitstellung von Venture Capital. Ihr Fokus liegt auf deutschen Tech-Wachstumsunternehmen, deren Produkte oder Gesch\u00e4ftsmodelle eine disruptive Innovation aufweisen, eine hohe Skalierbarkeit erwarten lassen und bei denen sie Vertrauen in die unternehmerischen F\u00e4higkeiten der Gr\u00fcnder hat. Seit der Aufnahme der Gesch\u00e4ftst\u00e4tigkeit im Jahr 2012 hat die German Startups Group ein diversifiziertes Portfolio von Anteilen an solchen Unternehmen aufgebaut und sich zum aktivsten privaten Venture-Capital-Investor seit 2012 in Deutschland entwickelt (CB Insights 2015, PitchBook 2016). Daneben betreibt die Gesellschaft mit der G|S Market\u2122 ihrer hundertprozentigen Tochtergesellschaft German Startups Market GmbH seit Juni 2018 eine Sekund\u00e4rmarktplattform f\u00fcr die Assetklasse &lt;German Startups | VC | Tech&gt;. Ihre mehrheitliche Beteiligung German Startups Asset Management GmbH wird k\u00fcnftig neuartige, eigene VC-Fonds auflegen und auf G|S Market auf Erwerberseite Zweckgesellschaften (\u201eSPVs\u201c) bereitstellen, um mehreren Anlegern in Form von gepoolten Investments auch den Erwerb gr\u00f6\u00dferer Investmentopportunit\u00e4ten zu erm\u00f6glichen.<\/p>\n<p>&nbsp;<\/p>\n<p>Mehr Informationen unter <a href=\"https:\/\/tpgholding.com\/\">https:\/\/tpgholding.com\/<\/a>.<\/p>\n<p>&nbsp;<\/p>\n","protected":false},"excerpt":{"rendered":"<p>&nbsp; +++ Ad-hoc Mitteilung +++ German Startups Group plant weitere R\u00fcckk\u00e4ufe der eigenen Aktie Der rechtlich zul\u00e4ssige Rahmen soll voll ausgesch\u00f6pft werden Berlin, 24. August 2018 \u2013 Die German Startups Group, ein f\u00fchrender Venture-Capital-Investor in Deutschland und Digitalagentur mit 150 Mitarbeitern mit Sitz in Berlin, plant weitere Aktienr\u00fcckk\u00e4ufe. Die ge\u00e4nderte Gesch\u00e4ftsstrategie des Betriebs einer offenen [&hellip;]<\/p>\n","protected":false},"author":4,"featured_media":0,"parent":0,"menu_order":0,"comment_status":"closed","ping_status":"closed","template":"page-full.php","meta":[],"_links":{"self":[{"href":"https:\/\/tpgholding.com\/index.php\/wp-json\/wp\/v2\/pages\/11436"}],"collection":[{"href":"https:\/\/tpgholding.com\/index.php\/wp-json\/wp\/v2\/pages"}],"about":[{"href":"https:\/\/tpgholding.com\/index.php\/wp-json\/wp\/v2\/types\/page"}],"author":[{"embeddable":true,"href":"https:\/\/tpgholding.com\/index.php\/wp-json\/wp\/v2\/users\/4"}],"replies":[{"embeddable":true,"href":"https:\/\/tpgholding.com\/index.php\/wp-json\/wp\/v2\/comments?post=11436"}],"version-history":[{"count":1,"href":"https:\/\/tpgholding.com\/index.php\/wp-json\/wp\/v2\/pages\/11436\/revisions"}],"predecessor-version":[{"id":12475,"href":"https:\/\/tpgholding.com\/index.php\/wp-json\/wp\/v2\/pages\/11436\/revisions\/12475"}],"wp:attachment":[{"href":"https:\/\/tpgholding.com\/index.php\/wp-json\/wp\/v2\/media?parent=11436"}],"curies":[{"name":"wp","href":"https:\/\/api.w.org\/{rel}","templated":true}]}}