{"id":11654,"date":"2017-07-21T11:29:50","date_gmt":"2017-07-21T09:29:50","guid":{"rendered":"http:\/\/www.german-startups.com\/?page_id=11654"},"modified":"2019-07-12T10:56:39","modified_gmt":"2019-07-12T08:56:39","slug":"pressemitteilung-vom-21-juli-2017","status":"publish","type":"page","link":"https:\/\/tpgholding.com\/index.php\/pressemitteilung-vom-21-juli-2017\/","title":{"rendered":"Pressemitteilung vom <br> 21. Juli 2017"},"content":{"rendered":"<p style=\"text-align: center;\"><img decoding=\"async\" src=\"https:\/\/tpgholding.com\/wp-content\/uploads\/2014\/08\/germanstartupsgroup-logo.png\" alt=\"GS_Group_old\" \/><\/p>\n<p>&nbsp;<\/p>\n<p style=\"text-align: center; padding: 0px; margin: 0px;\">+++ Pressemitteilung +++<\/p>\n<p style=\"text-align: center; padding: 50px; margin: 0px;\"><strong>German Startups Group im ersten Halbjahr 2017 wieder mit deutlichem Gewinn<\/strong><\/p>\n<p><strong>Berlin, 21. Juli 2017 \u2013 <\/strong>Die German Startups Group, aktivster privater Venture-Capital-Investor in Deutschland im Zeitraum seit 2012 (CB Insights 2015 PitchBook 2016), war nach vorl\u00e4ufigem Zwischenabschluss im ersten Halbjahr 2017 wieder profitabel (IFRS Konzern ungepr\u00fcft).<\/p>\n<p>Die German Startups Group erzielte im Berichtszeitraum laut vorl\u00e4ufigen Halbjahreszahlen einen Netto-Konzerngewinn von etwa 2,2 Mio. Euro (Gesamtjahr 2016: -3,5 Mio.). Das entspricht einem Nettogewinn von etwa 0,19 Euro je Aktie. Der Gewinn der German Startups Group im ersten Halbjahr ist erstmals \u00fcberwiegend auf realisierte Ver\u00e4u\u00dferungsgewinne zur\u00fcckzuf\u00fchren.<\/p>\n<p>Die kurzfristigen Verm\u00f6genswerte liegen bei \u00fcber 10 Mio. Euro oder rund 0,85 Euro pro Aktie. Der Buchwert des Eigenkapitals bel\u00e4uft sich auf \u00fcber 30 Mio. Euro oder 2,50 Euro pro Aktie (exklusive Anteil der Minderheitsgesellschafter der Exozet). Darin nicht enthalten sind stille Reserven, insb. bzgl. des Werts der Mehrheitsbeteiligung Exozet, die entsprechend den IFRS noch zu ihrem Wert bei Erstkonsolidierung am 30.06.15 bilanziert wird, seither aber deutlich gewachsen und profitabel geworden ist.<\/p>\n<p>&nbsp;<\/p>\n<p><strong>Investor Relations Kontakt<\/strong><br \/>\n<strong>German Startups Group<\/strong><br \/>\nMarcel Doeppes<br \/>\nir@tpgholding.com<br \/>\n<a href=\"https:\/\/tpgholding.com\/\">www.tpgholding.com<\/a><\/p>\n<p>&nbsp;<\/p>\n<p><u><a href=\"https:\/\/tpgholding.com\/wp-content\/uploads\/2017\/07\/20170721-German-Startups-Group-im-ersten-Halbjahr-2017-wieder-mit-Gewinn.pdf\" rel=\"\" target=\"_blank\" rel=\"nofollow\">Hier klicken f\u00fcr die PDF-Version<\/a><\/u><\/p>\n<p>&nbsp;<\/p>\n<p><strong>German Startups Group \u2013 Wir lieben Startups!<\/strong><\/p>\n<p>Die German Startups Group ist eine b\u00f6rsennotierte Beteiligungsgesellschaft mit Sitz in Berlin und mit Fokus auf junge, schnell wachsende Unternehmen, sog. Startups. Sie erwirbt Mehrheits-und Minderheitsbeteiligungen, insb. durch Bereitstellung von Venture Capital. Die Portfoliounternehmen der German Startups Group k\u00f6nnen zudem unter anderem bei Strategieentwicklung, im Hinblick auf Finanzierungsrunden, Restrukturierungsnotwendigkeiten, M&amp;A-Transaktionen oder dem Unternehmensverkauf einschlie\u00dflich eines m\u00f6glichen B\u00f6rsengangs von der Expertise, der Erfahrung und dem Netzwerk des Teams der German Startups Group profitieren. Nach eigener Einsch\u00e4tzung stellt die German Startups Group den Startups im Rahmen des Anteilserwerbs damit sog. &#8220;Smart Money&#8221; zur Verf\u00fcgung. Ihr Fokus liegt auf Unternehmen, deren Produkte oder Gesch\u00e4ftsmodelle eine disruptive Innovation aufweisen, eine hohe Skalierbarkeit erwarten lassen und bei denen sie Vertrauen in die unternehmerischen F\u00e4higkeiten der Gr\u00fcnder hat, zu denen sie nach eigener Einsch\u00e4tzung aufgrund ihrer engen Beziehungenzu relevanten Akteuren der Startup-Szene fr\u00fchen Zugang erh\u00e4lt. Der geografische Fokus liegt auf dem deutschsprachigen Raum. Seit der Aufnahme der Gesch\u00e4ftst\u00e4tigkeit im Jahr 2012 hat die German Startups Group ein ihrer Ansicht nach diversifiziertes Portfolio von Anteilen an jungen Unternehmen aufgebaut und sich zum aktivsten privaten Venture-Capital-Investor seit 2012 in Deutschland entwickelt (CB Insights 2015, PitchBook 2016). Von den 41 Minderheitsbeteiligungen an operativ t\u00e4tigen Unternehmen sind 22 f\u00fcr die Gesellschaft wesentlich und machen zusammen 90% des Werts aller 41 aktiven Minderheitsbeteiligungen aus. Die acht Fokusbeteiligungen verk\u00f6rpern 57% des Werts aller aktiven Minderheitsbeteiligungen. Nach Ansicht der Gesellschaft spiegelt das Beteiligungsportfolio einen Querschnitt von vielversprechenden deutschen Startups verschiedener Reifegrade (&#8220;Seed&#8221;, &#8220;Early&#8221; und &#8220;Growth Stage&#8221; nach Definition der Gesellschaft) wider und enth\u00e4lt manche der erfolgreichsten und bekanntesten deutschen Startups.<\/p>\n<p>&nbsp;<\/p>\n<p>Mehr Informationen unter <a href=\"https:\/\/tpgholding.com\/\">https:\/\/tpgholding.com\/<\/a>.<\/p>\n<p>&nbsp;<\/p>\n","protected":false},"excerpt":{"rendered":"<p>&nbsp; +++ Pressemitteilung +++ German Startups Group im ersten Halbjahr 2017 wieder mit deutlichem Gewinn Berlin, 21. Juli 2017 \u2013 Die German Startups Group, aktivster privater Venture-Capital-Investor in Deutschland im Zeitraum seit 2012 (CB Insights 2015 PitchBook 2016), war nach vorl\u00e4ufigem Zwischenabschluss im ersten Halbjahr 2017 wieder profitabel (IFRS Konzern ungepr\u00fcft). Die German Startups Group [&hellip;]<\/p>\n","protected":false},"author":4,"featured_media":0,"parent":0,"menu_order":0,"comment_status":"closed","ping_status":"closed","template":"page-full.php","meta":[],"_links":{"self":[{"href":"https:\/\/tpgholding.com\/index.php\/wp-json\/wp\/v2\/pages\/11654"}],"collection":[{"href":"https:\/\/tpgholding.com\/index.php\/wp-json\/wp\/v2\/pages"}],"about":[{"href":"https:\/\/tpgholding.com\/index.php\/wp-json\/wp\/v2\/types\/page"}],"author":[{"embeddable":true,"href":"https:\/\/tpgholding.com\/index.php\/wp-json\/wp\/v2\/users\/4"}],"replies":[{"embeddable":true,"href":"https:\/\/tpgholding.com\/index.php\/wp-json\/wp\/v2\/comments?post=11654"}],"version-history":[{"count":1,"href":"https:\/\/tpgholding.com\/index.php\/wp-json\/wp\/v2\/pages\/11654\/revisions"}],"predecessor-version":[{"id":12457,"href":"https:\/\/tpgholding.com\/index.php\/wp-json\/wp\/v2\/pages\/11654\/revisions\/12457"}],"wp:attachment":[{"href":"https:\/\/tpgholding.com\/index.php\/wp-json\/wp\/v2\/media?parent=11654"}],"curies":[{"name":"wp","href":"https:\/\/api.w.org\/{rel}","templated":true}]}}