{"id":11705,"date":"2017-06-14T10:35:18","date_gmt":"2017-06-14T08:35:18","guid":{"rendered":"http:\/\/www.german-startups.com\/?page_id=11705"},"modified":"2019-07-12T10:50:48","modified_gmt":"2019-07-12T08:50:48","slug":"ad-hoc-mitteilung-vom-14-juni-2017","status":"publish","type":"page","link":"https:\/\/tpgholding.com\/index.php\/ad-hoc-mitteilung-vom-14-juni-2017\/","title":{"rendered":"Ad-hoc Mitteilung vom <br> 14. Juni 2017"},"content":{"rendered":"<p style=\"text-align: center;\"><img decoding=\"async\" src=\"https:\/\/tpgholding.com\/wp-content\/uploads\/2014\/08\/germanstartupsgroup-logo.png\" alt=\"GS_Group_old\" \/><\/p>\n<p>&nbsp;<\/p>\n<p style=\"text-align: center; padding:0px; margin:0px\">+++ Ad-hoc Mitteilung +++<\/p>\n<p style=\"text-align: center; padding:50px; margin:0px\"><strong>German Startups Group ver\u00e4u\u00dfert eine Beteiligung und erzielt Ver\u00e4u\u00dferungsgewinn in H\u00f6he von rund 10% ihrer Marktkapitalisierung<\/strong><\/p>\n<p><strong>Berlin, 14. Juni 2017 \u2013 <\/strong>Die German Startups Group erzielt mit dem Verkauf ihrer Anteile an einer f\u00fcr sie wesentlichen Beteiligung unter der aufschiebenden Bedingung beh\u00f6rdlicher Zustimmungen einen Erl\u00f6s von 3,3 Millionen Euro und dabei einen Multiple auf das investierte Kapital von 11x sowie eine Internal Rate of Return (IRR) von rund 200% p.a. Die Gesellschaft realisiert dabei gegen\u00fcber dem Buchwert des Anteils einen Ver\u00e4u\u00dferungsgewinn von ca. 2,4 Millionen Euro bzw. 0,20 Euro pro Aktie (IFRS).Im nahezu gleichen Umfang tritt ein positiver Ergebniseffekt und eine Erh\u00f6hung des Net Asset Value (NAV) pro Aktie ein.<\/p>\n<p><strong>Informationen und Erl\u00e4uterungen des Emittenten zu dieser Mitteilung<\/strong> <\/p>\n<p>Der Anteilsverkauf sorgt so nach mehreren gemeldeten Anteilsver\u00e4u\u00dferungen und H\u00f6herbewertungen in 2017 f\u00fcr einen weiterhin sehr positiven Verlauf des Jahres. Der Ver\u00e4u\u00dferungsgewinn ist nach den Exits des Mobile-AdTech-Unternehmens Fyber in 2014 und des E-Commerce-Startups Amorelie in 2015 bereits der dritte gro\u00dfe Anteilsverkaufserfolg, der der German Startups Group ein Vielfaches des investierten Kapitals einbringt. F\u00fcr den weiteren Jahresverlauf rechnet die German Startups Group zudem mit Ver\u00e4u\u00dferungserl\u00f6sen unter anderem aus den angek\u00fcndigten B\u00f6rseng\u00e4ngen von Delivery Hero und ayondo.<\/p>\n<p>Christoph Gerlinger, CEO der German Startups Group, kommentiert: \u201eWir freuen uns sehr \u00fcber unseren gro\u00dfen Erfolg mit der nun ver\u00e4u\u00dferten Beteiligung. Das Gr\u00fcnderteam hat einen gro\u00dfartigen Job gemacht. Unserer Ansicht nach \u00fcbersteigen die Chancen in unserem Portfolio die Risiken weiterhin deutlich.\u201c<\/p>\n<p>&nbsp;<\/p>\n<p><strong>Investor Relations Kontakt<\/strong><br \/>\n<strong>German Startups Group<\/strong><br \/>\nMarcel Doeppes<br \/>\nir@tpgholding.com<br \/>\n<a href=\"https:\/\/tpgholding.com\/\">www.tpgholding.com<\/a><\/p>\n<p>&nbsp;<\/p>\n<p><u><a href=\"https:\/\/ir.tpgholding.com\/fileadmin\/user_upload\/documents\/GSG_sells_stakeholding_and_realises_capital_gains_amounting_to_roughly_10__of_its_market_capitalisation.pdf\" rel=\"\" target=\"_blank\" rel=\"nofollow\">Hier klicken f\u00fcr die PDF-Version<\/a><\/u><\/p>\n<p>&nbsp;<\/p>\n<p>&nbsp;<\/p>\n<p>Mehr Informationen unter <a href=\"https:\/\/tpgholding.com\/\">https:\/\/tpgholding.com\/<\/a>.<\/p>\n<p>&nbsp;<\/p>\n","protected":false},"excerpt":{"rendered":"<p>&nbsp; +++ Ad-hoc Mitteilung +++ German Startups Group ver\u00e4u\u00dfert eine Beteiligung und erzielt Ver\u00e4u\u00dferungsgewinn in H\u00f6he von rund 10% ihrer Marktkapitalisierung Berlin, 14. Juni 2017 \u2013 Die German Startups Group erzielt mit dem Verkauf ihrer Anteile an einer f\u00fcr sie wesentlichen Beteiligung unter der aufschiebenden Bedingung beh\u00f6rdlicher Zustimmungen einen Erl\u00f6s von 3,3 Millionen Euro und [&hellip;]<\/p>\n","protected":false},"author":4,"featured_media":0,"parent":0,"menu_order":0,"comment_status":"closed","ping_status":"closed","template":"page-full.php","meta":[],"_links":{"self":[{"href":"https:\/\/tpgholding.com\/index.php\/wp-json\/wp\/v2\/pages\/11705"}],"collection":[{"href":"https:\/\/tpgholding.com\/index.php\/wp-json\/wp\/v2\/pages"}],"about":[{"href":"https:\/\/tpgholding.com\/index.php\/wp-json\/wp\/v2\/types\/page"}],"author":[{"embeddable":true,"href":"https:\/\/tpgholding.com\/index.php\/wp-json\/wp\/v2\/users\/4"}],"replies":[{"embeddable":true,"href":"https:\/\/tpgholding.com\/index.php\/wp-json\/wp\/v2\/comments?post=11705"}],"version-history":[{"count":1,"href":"https:\/\/tpgholding.com\/index.php\/wp-json\/wp\/v2\/pages\/11705\/revisions"}],"predecessor-version":[{"id":12438,"href":"https:\/\/tpgholding.com\/index.php\/wp-json\/wp\/v2\/pages\/11705\/revisions\/12438"}],"wp:attachment":[{"href":"https:\/\/tpgholding.com\/index.php\/wp-json\/wp\/v2\/media?parent=11705"}],"curies":[{"name":"wp","href":"https:\/\/api.w.org\/{rel}","templated":true}]}}