{"id":11728,"date":"2017-04-28T11:36:49","date_gmt":"2017-04-28T09:36:49","guid":{"rendered":"http:\/\/www.german-startups.com\/?page_id=11728"},"modified":"2019-07-12T10:53:06","modified_gmt":"2019-07-12T08:53:06","slug":"pressemitteilung-vom-28-april-2017","status":"publish","type":"page","link":"https:\/\/tpgholding.com\/index.php\/pressemitteilung-vom-28-april-2017\/","title":{"rendered":"Pressemitteilung vom <br> 28. April 2017"},"content":{"rendered":"<p style=\"text-align: center;\"><img decoding=\"async\" src=\"https:\/\/tpgholding.com\/wp-content\/uploads\/2014\/08\/germanstartupsgroup-logo.png\" alt=\"GS_Group_old\" \/><\/p>\n<p>&nbsp;<\/p>\n<p style=\"text-align: center; padding: 0px; margin: 0px;\">+++ Pressemitteilung +++<\/p>\n<p style=\"text-align: center; padding: 50px; margin: 0px;\"><strong>Die German Startups Group nimmt zwei neue operative Gesch\u00e4ftsfelder ins Visier<\/strong><\/p>\n<p><strong>Berlin, 28. April 2017 \u2013 <\/strong>Im Rahmen ihrer Strategie, neben dem Beteiligungsgesch\u00e4ft weitere operative Erl\u00f6squellen \u00fcber das Digitalagenturgesch\u00e4ft hinaus zu erschlie\u00dfen, nimmt die German Startups Group zwei neue Gesch\u00e4ftsfelder ins Visier. Dabei will sie ihre f\u00fchrende Marktposition als aktivster privater Venture-Capital-Investor im boomenden deutschen Startup-\u00d6kosystem im Zeitraum seit 2012 (CB Insights 2015, PitchBook 2016)nutzen und schl\u00e4gt der Hauptversammlung am 8. Juni 2017 in der heute ver\u00f6ffentlichten Tagesordnung eine entsprechende \u00c4nderung des Gesellschaftszwecks vor.<\/p>\n<p>Bei Zustimmung der Hauptversammlung plant die German Startups Group voraussichtlich gemeinsam mit Partnern die Schaffung einer Sekund\u00e4rmarktplattform f\u00fcr nicht notierte Anteile an Startups. W\u00e4hrend sich in den USA und anderen L\u00e4ndern solche Plattformen wie z.B. SharesPost l\u00e4ngst etabliert haben, ist Deutschland diesbez\u00fcglich Entwicklungsland. Die Schaffung von Liquidit\u00e4t f\u00fcr sogenannte Secondary Shares liegt im Interesse aller Beteiligten \u2013 der Gr\u00fcnder, Business Angels und Mitarbeiter von Startups wie auch der Startups selbst und ihrer Investoren \u2013 und bietet so lukrative Gesch\u00e4ftsm\u00f6glichkeiten. Schon heute hat sich die German Startups Group als K\u00e4ufer von Secondary Shares einen Namen gemacht und erh\u00e4lt unaufgefordert vielz\u00e4hlige Kaufangebote, kann aber nur einen Bruchteil dieser Opportunit\u00e4ten selbst wahrnehmen.<\/p>\n<p>Daneben beabsichtigt die German Startups Group k\u00fcnftig Genussrechte auf die Wertentwicklung einzelner Portfoliounternehmen auszugeben, vorbehaltlich deren Zustimmung. Es hat sich in den letzten Jahren gezeigt, dass viele Privatinvestoren Interesse an direkten Beteiligungen an Portfoliounternehmen der Gesellschaft haben, die aber f\u00fcr sie nicht zug\u00e4nglich sind. Durch die Ausgabe von Genussrechten will die German Startups Group diesen Investoren erm\u00f6glichen, direkt an der Wertsch\u00f6pfung einzelner Startups in der Growth Stage zu partizipieren. Die Ausgabe von Genussrechten w\u00fcrde zu einem Kapitalzufluss f\u00fchren, der f\u00fcr den Erwerb von Anteilen an dem jeweiligen Portfoliounternehmen verwendet werden w\u00fcrde, sodass eine sogenannte Bilanzverl\u00e4ngerung eintritt und die German Startups Group an Gr\u00f6\u00dfe gewinnt. Ziel ist die Realisierung eines sogenannten \u201eCarries\u201c, also einer Erfolgsbeteiligung am Wertzuwachs.<\/p>\n<p>Eine Kapitalerh\u00f6hung ist unver\u00e4ndert nicht geplant. Die German Startups Group ist hinreichend mit Kapital und Liquidit\u00e4t ausgestattet. Insoweit schl\u00e4gt die Gesch\u00e4ftsf\u00fchrung der Hauptversammlung nur vor, das genehmigte Kapital um 492 TEUR zu erh\u00f6hen.<\/p>\n<p>&nbsp;<\/p>\n<p><strong>Investor Relations Kontakt<\/strong><br \/>\n<strong>German Startups Group<\/strong><br \/>\nMarcel Doeppes<br \/>\nir@tpgholding.com<br \/>\n<a href=\"https:\/\/tpgholding.com\/\">www.tpgholding.com<\/a><\/p>\n<p>&nbsp;<\/p>\n<p><u><a href=\"https:\/\/tpgholding.com\/wp-content\/uploads\/2017\/04\/GSG-nimmt-zwei-neue-operative-Geschaeftsfelder-ins-Visier.pdf\" rel=\"\" target=\"_blank\" rel=\"nofollow\">Hier klicken f\u00fcr die PDF-Version<\/a><\/u><\/p>\n<p>&nbsp;<\/p>\n<p><strong>German Startups Group \u2013 Wir lieben Startups!<\/strong><\/p>\n<p>Die German Startups Group ist eine b\u00f6rsennotierte Beteiligungsgesellschaft mit Sitz in Berlin und mit Fokus auf junge, schnell wachsende Unternehmen, sog. Startups. Sie erwirbt Mehrheits- und Minderheitsbeteiligungen, insb. durch Bereitstellung von Venture Capital. Die Portfoliounternehmen der German Startups Group k\u00f6nnen zudem unter anderem bei Strategieentwicklung, im Hinblick auf Finanzierungsrunden, Restrukturierungsnotwendigkeiten, M&amp;A-Transaktionen oder dem Unternehmensverkauf einschlie\u00dflich eines m\u00f6glichen B\u00f6rsengangs von der Expertise, der Erfahrung und dem Netzwerk des Teams der German Startups Group profitieren. Nach eigener Einsch\u00e4tzung stellt die German Startups Group den Startups im Rahmen des Anteilserwerbs damit sog. &#8220;Smart Money&#8221; zur Verf\u00fcgung. Ihr Fokus liegt auf Unternehmen, deren Produkte oder Gesch\u00e4ftsmodelle eine disruptive Innovation aufweisen, eine hohe Skalierbarkeit erwarten lassen und bei denen sie Vertrauen in die unternehmerischen F\u00e4higkeiten der Gr\u00fcnder hat, zu denen sie nach eigener Einsch\u00e4tzung aufgrund ihrer engen Beziehungenzu relevanten Akteuren der Startup-Szene fr\u00fchen Zugang erh\u00e4lt. Der geografische Fokus liegt auf dem deutschsprachigen Raum. Seit der Aufnahme der Gesch\u00e4ftst\u00e4tigkeit im Jahr 2012 hat die German Startups Group ein ihrer Ansicht nach diversifiziertes Portfolio von Anteilen an jungen Unternehmen aufgebaut und sich zum aktivsten privaten Venture-Capital-Investor seit 2012 in Deutschland entwickelt (CB Insights 2015, PitchBook 2016). Von den 43 Minderheitsbeteiligungen an operativ t\u00e4tigen Unternehmen sind 24 f\u00fcr die Gesellschaft wesentlich und machen zusammen 91% des Werts aller 43 aktiven Minderheitsbeteiligungen aus. Die zehn Fokusbeteiligungen verk\u00f6rpern 62% des Werts aller aktiven Minderheitsbeteiligungen. Nach Ansicht der Gesellschaft spiegelt das Beteiligungsportfolio einen Querschnitt von vielversprechenden deutschen Startups verschiedener Reifegrade (&#8220;Seed&#8221;, &#8220;Early&#8221; und &#8220;Growth Stage&#8221; nach Definition der Gesellschaft) wider und enth\u00e4lt manche der erfolgreichsten und bekanntesten deutschen Startups.<\/p>\n<p>&nbsp;<\/p>\n<p>Mehr Informationen unter <a href=\"https:\/\/tpgholding.com\/\">https:\/\/tpgholding.com\/<\/a>.<\/p>\n<p>&nbsp;<\/p>\n","protected":false},"excerpt":{"rendered":"<p>&nbsp; +++ Pressemitteilung +++ Die German Startups Group nimmt zwei neue operative Gesch\u00e4ftsfelder ins Visier Berlin, 28. April 2017 \u2013 Im Rahmen ihrer Strategie, neben dem Beteiligungsgesch\u00e4ft weitere operative Erl\u00f6squellen \u00fcber das Digitalagenturgesch\u00e4ft hinaus zu erschlie\u00dfen, nimmt die German Startups Group zwei neue Gesch\u00e4ftsfelder ins Visier. Dabei will sie ihre f\u00fchrende Marktposition als aktivster privater [&hellip;]<\/p>\n","protected":false},"author":4,"featured_media":0,"parent":0,"menu_order":0,"comment_status":"closed","ping_status":"closed","template":"page-full.php","meta":[],"_links":{"self":[{"href":"https:\/\/tpgholding.com\/index.php\/wp-json\/wp\/v2\/pages\/11728"}],"collection":[{"href":"https:\/\/tpgholding.com\/index.php\/wp-json\/wp\/v2\/pages"}],"about":[{"href":"https:\/\/tpgholding.com\/index.php\/wp-json\/wp\/v2\/types\/page"}],"author":[{"embeddable":true,"href":"https:\/\/tpgholding.com\/index.php\/wp-json\/wp\/v2\/users\/4"}],"replies":[{"embeddable":true,"href":"https:\/\/tpgholding.com\/index.php\/wp-json\/wp\/v2\/comments?post=11728"}],"version-history":[{"count":2,"href":"https:\/\/tpgholding.com\/index.php\/wp-json\/wp\/v2\/pages\/11728\/revisions"}],"predecessor-version":[{"id":12446,"href":"https:\/\/tpgholding.com\/index.php\/wp-json\/wp\/v2\/pages\/11728\/revisions\/12446"}],"wp:attachment":[{"href":"https:\/\/tpgholding.com\/index.php\/wp-json\/wp\/v2\/media?parent=11728"}],"curies":[{"name":"wp","href":"https:\/\/api.w.org\/{rel}","templated":true}]}}