{"id":12080,"date":"2018-11-16T11:11:41","date_gmt":"2018-11-16T10:11:41","guid":{"rendered":"http:\/\/www.german-startups.com\/?page_id=12080"},"modified":"2019-07-12T11:16:40","modified_gmt":"2019-07-12T09:16:40","slug":"pressemitteilung-vom-16-november-2018","status":"publish","type":"page","link":"https:\/\/tpgholding.com\/index.php\/pressemitteilung-vom-16-november-2018\/","title":{"rendered":"Pressemitteilung vom <br> 16. November 2018"},"content":{"rendered":"<p style=\"text-align: center;\"><img decoding=\"async\" src=\"https:\/\/tpgholding.com\/wp-content\/uploads\/2018\/08\/GS_Group_transparent-150x150.png\" alt=\"GS_Group_transparent\" \/><\/p>\n<p>&nbsp;<\/p>\n<p style=\"text-align: center; padding: 0px; margin: 0px;\">+++ Pressemitteilung +++<\/p>\n<p style=\"text-align: center; padding: 50px; margin: 0px;\"><strong>German Startups Group plant f\u00fcr 2019 konkrete Beteiligungsver\u00e4u\u00dferungen<\/strong><\/p>\n<ul>\n<li>&#8211; Erl\u00f6se mindestens in H\u00f6he von der H\u00e4lfte ihrer derzeitigen Marktkapitalisierung erwartet<\/li>\n<li>&#8211; Per Saldo Ver\u00e4u\u00dferungsgewinne im Vergleich zu den jeweiligen Buchwerten wahrscheinlich<\/li>\n<li>&#8211; Aktienr\u00fcckk\u00e4ufe vorgesehen<\/li>\n<\/ul>\n<p><strong>Berlin, 16. November 2018 \u2013 <\/strong>Die German Startups Group, ein f\u00fchrender Venture-Capital-Investor in Deutschland und Digitalagentur mit 150 Mitarbeitern mit Sitz in Berlin, plant f\u00fcr das Jahr 2019 die Ver\u00e4u\u00dferung bestimmter ihrer reiferen Beteiligungen einschlie\u00dflich von zwei Schwergewichten in ihrem Beteiligungsportfolio und hat daf\u00fcr konkrete Schritte unternommen. F\u00fcr die erzielbaren Preise liegen greifbare Anhaltspunkte vor. Die Gesch\u00e4ftsf\u00fchrung erwartet aus den Ver\u00e4u\u00dferungen allein in 2019 Erl\u00f6se mindestens in H\u00f6he von der H\u00e4lfte ihrer derzeitigen Marktkapitalisierung. In manchen F\u00e4llen h\u00e4lt sie die Erzielung von nennenswerten Ver\u00e4u\u00dferungsgewinnen \u00fcber die derzeitigen Buchwerte hinaus f\u00fcr wahrscheinlich.<\/p>\n<p>Naturgem\u00e4\u00df werden die ver\u00e4u\u00dferten Beteiligungen erst nach Vertragsabschluss benannt. Auch nach den bisher geplanten Ver\u00e4u\u00dferungen best\u00fcnde der \u00fcberwiegende Teil des Beteiligungsportfolios und der Fokusbeteiligungen fort.<\/p>\n<p>Die im Mai als begonnen und im Juni f\u00fcr die Sommerpause als unterbrochen gemeldeten Gespr\u00e4che \u00fcber einen etwaigen Erwerb der Mehrheitsbeteiligung an der Exozet-Gruppe seitens einer bestimmten Adresse hat die GSG mit diesem Kaufinteressenten indessen nicht wieder aufgenommen, da sich inzwischen signifikant attraktivere Optionen ergeben haben. Deren Wahrnehmung ist nicht vor Mitte 2019 geplant, und h\u00e4tte auf die T\u00e4tigkeit von Exozet, auf ihre Kunden und Mitarbeiter keinerlei Auswirkungen.<\/p>\n<p>Solange die GSG-Aktie in den Augen der Gesch\u00e4ftsf\u00fchrung deutlich unter dem Net Asset Value (NAV) pro Aktie notiert, will die Gesch\u00e4ftsf\u00fchrung Ver\u00e4u\u00dferungserl\u00f6se vorbehaltlich der Zustimmung des Aufsichtsrats auch f\u00fcr weitere R\u00fcckk\u00e4ufe der eigenen Aktie nutzen und den f\u00fcr die bezugsrechtsfreie Verwendung der eigenen Aktien zul\u00e4ssigen Rahmen voll aussch\u00f6pfen.<\/p>\n<p>&nbsp;<\/p>\n<p><strong>Investor Relations Kontakt<\/strong><br \/>\n<strong>German Startups Group<\/strong><br \/>\nMarcel Doeppes<br \/>\nir@tpgholding.com<br \/>\n<a href=\"https:\/\/tpgholding.com\/\">www.tpgholding.com<\/a><\/p>\n<p>&nbsp;<\/p>\n<p><u><a href=\"https:\/\/tpgholding.com\/wp-content\/uploads\/2018\/11\/20181116-German-Startups-Group-plant-fuer-2019-konkrete-Beteiligungsveraeusserungen.pdf\" rel=\"\" target=\"_blank\" rel=\"nofollow\">Hier klicken f\u00fcr die PDF-Version<\/a><\/u><\/p>\n<p>&nbsp;<\/p>\n<p><strong>German Startups Group \u2013 Wir lieben Startups!<\/strong><\/p>\n<p>Die German Startups Group ist ein b\u00f6rsennotierter, f\u00fchrender Venture Capital-Anbieter in Deutschland und zugleich Digitalagentur mit 150 Mitarbeitern mit Sitz in Berlin und mit Fokus auf junge, schnell wachsende Unternehmen, sog. Startups. Sie erwirbt Mehrheits- und Minderheitsbeteiligungen durch Bereitstellung von Venture Capital. Ihr Fokus liegt auf deutschen Tech-Wachstumsunternehmen, deren Produkte oder Gesch\u00e4ftsmodelle eine disruptive Innovation aufweisen, eine hohe Skalierbarkeit erwarten lassen und bei denen sie Vertrauen in die unternehmerischen F\u00e4higkeiten der Gr\u00fcnder hat. Seit der Aufnahme der Gesch\u00e4ftst\u00e4tigkeit im Jahr 2012 hat die German Startups Group ein diversifiziertes Portfolio von Anteilen an solchen Unternehmen aufgebaut und sich zum aktivsten privaten Venture-Capital-Investor seit 2012 in Deutschland entwickelt (CB Insights 2015, PitchBook 2016). Daneben betreibt die Gesellschaft mit der G|S Market\u2122 ihrer hundertprozentigen Tochtergesellschaft German Startups Market GmbH seit Juni 2018 eine Sekund\u00e4rmarktplattform f\u00fcr die Assetklasse &lt;German Startups | VC | Tech&gt;. Ihre mehrheitliche Beteiligung German Startups Asset Management GmbH wird k\u00fcnftig neuartige, eigene VC-Fonds auflegen und auf G|S Market auf Erwerberseite Zweckgesellschaften (\u201eSPVs\u201c) bereitstellen, um mehreren Anlegern in Form von gepoolten Investments auch den Erwerb gr\u00f6\u00dferer Investmentopportunit\u00e4ten zu erm\u00f6glichen.<\/p>\n<p>&nbsp;<\/p>\n<p>Mehr Informationen unter <a href=\"https:\/\/tpgholding.com\/\">https:\/\/tpgholding.com\/<\/a>.<\/p>\n<p>&nbsp;<\/p>\n","protected":false},"excerpt":{"rendered":"<p>&nbsp; +++ Pressemitteilung +++ German Startups Group plant f\u00fcr 2019 konkrete Beteiligungsver\u00e4u\u00dferungen &#8211; Erl\u00f6se mindestens in H\u00f6he von der H\u00e4lfte ihrer derzeitigen Marktkapitalisierung erwartet &#8211; Per Saldo Ver\u00e4u\u00dferungsgewinne im Vergleich zu den jeweiligen Buchwerten wahrscheinlich &#8211; Aktienr\u00fcckk\u00e4ufe vorgesehen Berlin, 16. November 2018 \u2013 Die German Startups Group, ein f\u00fchrender Venture-Capital-Investor in Deutschland und Digitalagentur mit [&hellip;]<\/p>\n","protected":false},"author":4,"featured_media":0,"parent":0,"menu_order":0,"comment_status":"closed","ping_status":"closed","template":"page-full.php","meta":[],"_links":{"self":[{"href":"https:\/\/tpgholding.com\/index.php\/wp-json\/wp\/v2\/pages\/12080"}],"collection":[{"href":"https:\/\/tpgholding.com\/index.php\/wp-json\/wp\/v2\/pages"}],"about":[{"href":"https:\/\/tpgholding.com\/index.php\/wp-json\/wp\/v2\/types\/page"}],"author":[{"embeddable":true,"href":"https:\/\/tpgholding.com\/index.php\/wp-json\/wp\/v2\/users\/4"}],"replies":[{"embeddable":true,"href":"https:\/\/tpgholding.com\/index.php\/wp-json\/wp\/v2\/comments?post=12080"}],"version-history":[{"count":1,"href":"https:\/\/tpgholding.com\/index.php\/wp-json\/wp\/v2\/pages\/12080\/revisions"}],"predecessor-version":[{"id":12483,"href":"https:\/\/tpgholding.com\/index.php\/wp-json\/wp\/v2\/pages\/12080\/revisions\/12483"}],"wp:attachment":[{"href":"https:\/\/tpgholding.com\/index.php\/wp-json\/wp\/v2\/media?parent=12080"}],"curies":[{"name":"wp","href":"https:\/\/api.w.org\/{rel}","templated":true}]}}