{"id":12601,"date":"2019-08-29T10:16:26","date_gmt":"2019-08-29T08:16:26","guid":{"rendered":"http:\/\/www.german-startups.com\/?page_id=12601"},"modified":"2019-08-29T10:18:26","modified_gmt":"2019-08-29T08:18:26","slug":"pressemitteilung-vom-29-august-2019","status":"publish","type":"page","link":"https:\/\/tpgholding.com\/index.php\/pressemitteilung-vom-29-august-2019\/","title":{"rendered":"Pressemitteilung vom <br> 29. August 2019"},"content":{"rendered":"<p style=\"text-align: center;\"><img decoding=\"async\" src=\"https:\/\/tpgholding.com\/wp-content\/uploads\/2018\/08\/GS_Group_transparent-150x150.png\" alt=\"GS_Group_transparent\" \/><\/p>\n<p>&nbsp;<\/p>\n<p style=\"text-align: center; padding: 0px; margin: 0px;\">+++ Pressemitteilung +++<\/p>\n<p style=\"text-align: center; padding: 50px; margin: 0px;\"><strong>German Startups Group ver\u00e4u\u00dfert Beteiligungen und tilgt Darlehensverbindlichkeiten vorzeitig<\/strong><\/p>\n<p><strong>Berlin, 29. August 2019 \u2013 <\/strong>Die German Startups Group, ein f\u00fchrender Venture-Capital-Investor in Deutschland und Digitalagentur mit 150 Mitarbeitern mit Sitz in Berlin, ver\u00e4u\u00dfert eine Fokusbeteiligung ganz und eine weitere teilweise und erzielt dabei einen mittleren einstelligen Millionenerl\u00f6s (Euro). Einen Teil des Verkaufserl\u00f6ses nutzt sie, um zwei Darlehensverbindlichkei\u00acten in H\u00f6he von insgesamt 2,5 Millionen Euro vorzeitig zu tilgen, eine davon deutlich vor dem vereinbarten R\u00fcckzahlungstermin.<\/p>\n<p>Auch f\u00fcr die zweite Jahresh\u00e4lfte 2019 stellt die Gesch\u00e4ftsf\u00fchrung Anteilsver\u00e4u\u00dferungen in den Vordergrund und rechnet damit, dass das in den beabsichtigten F\u00e4llen durch Tradesales und Exits gelingen wird und sie dabei signifikante Ver\u00e4u\u00dferungsgewinne erzielen kann. Die Gesch\u00e4ftsf\u00fchrung erwartet f\u00fcr das Gesamtjahr 2019 Ver\u00e4u\u00dferungserl\u00f6se in H\u00f6he von mehr als der H\u00e4lfte ihrer derzeitigen Marktkapitalisierung. <\/p>\n<p>Solange die GSG-Aktie in den Augen der Gesch\u00e4ftsf\u00fchrung deutlich unter dem Net Asset Value (NAV) pro Aktie notiert, will die Gesch\u00e4ftsf\u00fchrung Ver\u00e4u\u00dferungserl\u00f6se vorbehaltlich der Zustimmung des Aufsichtsrats auch f\u00fcr weitere R\u00fcckk\u00e4ufe der eigenen Aktie nutzen und den f\u00fcr die bezugsrechtsfreie Verwendung der eigenen Aktien zul\u00e4ssigen Rahmen voll aussch\u00f6pfen.<\/p>\n<p>&nbsp;<\/p>\n<p><strong>Investor Relations Kontakt<\/strong><br \/>\n<strong>German Startups Group<\/strong><br \/>\nMarcel Doeppes<br \/>\nir@tpgholding.com<br \/>\n<a href=\"https:\/\/tpgholding.com\/\">www.tpgholding.com<\/a><\/p>\n<p>&nbsp;<\/p>\n<p><a href=\"https:\/\/tpgholding.com\/wp-content\/uploads\/2019\/08\/20190829-German-Startups-Group-ver\u00e4u\u00dfert-Beteiligungen-und-tilgt-Darlehensverbindlichkeiten-vorzeitig.pdf\" rel=\"\" target=\"_blank\" rel=\"nofollow\">Hier klicken f\u00fcr die PDF-Version<\/a><\/p>\n<p>&nbsp;<\/p>\n<p><strong>German Startups Group \u2013 Wir lieben Startups!<\/strong><\/p>\n<p>Die German Startups Group ist ein b\u00f6rsennotierter, f\u00fchrender Venture Capital-Anbieter in Deutschland und zugleich Digitalagentur mit 150 Mitarbeitern mit Sitz in Berlin und mit Fokus auf junge, schnell wachsende Unternehmen, sog. Startups. Sie erwirbt Mehrheits- und Minderheitsbeteiligungen durch Bereitstellung von Venture Capital. Ihr Fokus liegt auf deutschen Tech-Wachstumsunternehmen, deren Produkte oder Gesch\u00e4ftsmodelle eine disruptive Innovation aufweisen, eine hohe Skalierbarkeit erwarten lassen und bei denen sie Vertrauen in die unternehmerischen F\u00e4higkeiten der Gr\u00fcnder hat. Seit der Aufnahme der Gesch\u00e4ftst\u00e4tigkeit im Jahr 2012 hat die German Startups Group ein diversifiziertes Portfolio von Anteilen an solchen Unternehmen aufgebaut und sich zum aktivsten privaten Venture-Capital-Investor seit 2012 in Deutschland entwickelt (CB Insights 2015, PitchBook 2016). Daneben betreibt die Gesellschaft mit der G|S Market\u2122 ihrer hundertprozentigen Tochtergesellschaft German Startups Market GmbH seit Juni 2018 eine Sekund\u00e4rmarktplattform f\u00fcr die Assetklasse &lt;German Startups | VC | Tech&gt;. Ihre mehrheitliche Beteiligung German Startups Asset Management GmbH wird k\u00fcnftig neuartige, eigene VC-Fonds auflegen und auf G|S Market auf Erwerberseite Zweckgesellschaften (\u201eSPVs\u201c) bereitstellen, um mehreren Anlegern in Form von gepoolten Investments auch den Erwerb gr\u00f6\u00dferer Investmentopportunit\u00e4ten zu erm\u00f6glichen.<\/p>\n<p>&nbsp;<\/p>\n<p>Mehr Informationen unter <a href=\"https:\/\/tpgholding.com\/\">https:\/\/tpgholding.com\/<\/a>.<\/p>\n<p>&nbsp;<\/p>\n","protected":false},"excerpt":{"rendered":"<p>&nbsp; +++ Pressemitteilung +++ German Startups Group ver\u00e4u\u00dfert Beteiligungen und tilgt Darlehensverbindlichkeiten vorzeitig Berlin, 29. August 2019 \u2013 Die German Startups Group, ein f\u00fchrender Venture-Capital-Investor in Deutschland und Digitalagentur mit 150 Mitarbeitern mit Sitz in Berlin, ver\u00e4u\u00dfert eine Fokusbeteiligung ganz und eine weitere teilweise und erzielt dabei einen mittleren einstelligen Millionenerl\u00f6s (Euro). Einen Teil des [&hellip;]<\/p>\n","protected":false},"author":4,"featured_media":0,"parent":0,"menu_order":0,"comment_status":"closed","ping_status":"closed","template":"page-full.php","meta":[],"_links":{"self":[{"href":"https:\/\/tpgholding.com\/index.php\/wp-json\/wp\/v2\/pages\/12601"}],"collection":[{"href":"https:\/\/tpgholding.com\/index.php\/wp-json\/wp\/v2\/pages"}],"about":[{"href":"https:\/\/tpgholding.com\/index.php\/wp-json\/wp\/v2\/types\/page"}],"author":[{"embeddable":true,"href":"https:\/\/tpgholding.com\/index.php\/wp-json\/wp\/v2\/users\/4"}],"replies":[{"embeddable":true,"href":"https:\/\/tpgholding.com\/index.php\/wp-json\/wp\/v2\/comments?post=12601"}],"version-history":[{"count":1,"href":"https:\/\/tpgholding.com\/index.php\/wp-json\/wp\/v2\/pages\/12601\/revisions"}],"predecessor-version":[{"id":12606,"href":"https:\/\/tpgholding.com\/index.php\/wp-json\/wp\/v2\/pages\/12601\/revisions\/12606"}],"wp:attachment":[{"href":"https:\/\/tpgholding.com\/index.php\/wp-json\/wp\/v2\/media?parent=12601"}],"curies":[{"name":"wp","href":"https:\/\/api.w.org\/{rel}","templated":true}]}}