{"id":12921,"date":"2019-12-17T14:40:11","date_gmt":"2019-12-17T13:40:11","guid":{"rendered":"http:\/\/www.german-startups.com\/?page_id=12921"},"modified":"2024-11-19T09:53:21","modified_gmt":"2024-11-19T08:53:21","slug":"ad-hoc-mitteilung-vom-17-dezember-2019","status":"publish","type":"page","link":"https:\/\/tpgholding.com\/index.php\/ad-hoc-mitteilung-vom-17-dezember-2019\/","title":{"rendered":"Ad-hoc Mitteilung vom <br> 17. Dezember 2019"},"content":{"rendered":"<p style=\"text-align: center;\"><img decoding=\"async\" src=\"https:\/\/tpgholding.com\/wp-content\/uploads\/2018\/08\/GS_Group_transparent-150x150.png\" alt=\"GS_Group_transparent\" \/><\/p>\n<p>&nbsp;<\/p>\n<p style=\"text-align: center; padding:0px; margin:0px\">+++ Ad-hoc Mitteilung +++<\/p>\n<p style=\"text-align: center; padding:0px; margin:0px\">Ver\u00f6ffentlichung einer Insiderinformation nach Artikel 17 Absatz 1 der Verordnung (EU) 596\/2014 \u00fcber Marktmissbrauch (Marktmissbrauchsverordnung &#8211; MAR)<\/p>\n<p style=\"text-align: center; padding:50px; margin:0px\"><strong>German Startups Group ver\u00e4u\u00dfert ihre Mehrheitsbeteiligung und erl\u00f6st daf\u00fcr einen Preis in H\u00f6he von zwei Drittel ihrer Marktkapitalisierung<\/strong><\/p>\n<p><strong>Berlin, 17. Dezember 2019, 14:38h \u2013 <\/strong>Die German Startups Group, ein f\u00fchrender Venture-Capital-Investor in Deutschland mit Sitz in Berlin, ver\u00e4u\u00dfert ihre Mehrheitsbeteiligung an der Exozet Berlin GmbH und erl\u00f6st dabei rund 11,2 Mio. EUR bzw. nach Abzug von M&#038;A-Provisionen rund 10,8 Mio. EUR oder 1,00 EUR pro Aktie. Das entspricht knapp 70% ihrer bisherigen Marktkapitalisierung.<\/p>\n<p>Mit der Ver\u00e4u\u00dferung von Exozet realisiert die German Startups Group einen \u00fcberraschend hohen Ver\u00e4u\u00dferungsgewinn in H\u00f6he von 6,1 Mio. EUR oder 0,54 EUR pro Aktie. Die Gesch\u00e4ftsf\u00fchrung rechnet f\u00fcr 2019 mit einem Rekord-Konzernergebnis in der Gr\u00f6\u00dfenordnung von 3 bis 5 Mio. EUR oder 0,27 bis 0,44 EUR pro Aktie und folglich mit einem Eigenkapital per 31.12.2019 von etwa 2,90 bis 3,10 EUR pro Aktie (IFRS Konzern). Die Bilanzpositionen Fl\u00fcssige Mittel und Sonstige kurzfristige finanzielle Verm\u00f6genswerte allein d\u00fcrften per 31.12.2019 mehr als 1,00 EUR pro Aktie ausmachen. Exozet wird per 17.12.2019 entkonsolidiert.<\/p>\n<p>Mit der Ver\u00e4u\u00dferung im Rahmen eines strukturierten Bieterverfahrens unter Regie der Londoner Technology Holdings Worldwide, Inc. ist es der German Startups Group gelungen, einen wesentlich h\u00f6heren Preis zu erzielen als zuvor von ihr selbst veranschlagt. Sie erh\u00e4lt einen Festpreis in Geld, w\u00e4hrend die f\u00fcr Exozet t\u00e4tigen Exozet-Gesellschafter, -Gr\u00fcnder und \u00fcber ein Optionsprogramm beteiligten leitenden Mitarbeiter teilweise auch in Aktien von Endava und in variablen Kaufpreiskomponenten verg\u00fctet werden, die von dem weiteren Gesch\u00e4ftsverlauf bei Exozet und von ihrem Verbleiben bei Exozet abh\u00e4ngen. Erwerber von Exozet ist Endava plc, ein in New York b\u00f6rsennotierter Technologiedienstleister der n\u00e4chsten Generation mit Sitz in London, \u00fcber 5.900 Mitarbeitern und zahlreichen Niederlassungen an verschiedenen Standorten in Europa, Nord- und S\u00fcdamerika. Endava plc konnte mit einem \u00fcberzeugenden Konzept, einem guten Verh\u00e4ltnis zum Management Team und einem wettbewerbsf\u00e4higen Gebot als Sieger aus dem Bieterverfahren hervorgehen.<\/p>\n<p>Insgesamt hat die German Startups Group in 2019 mit dem Verkauf einer Handvoll ihrer Beteiligungen mehr als ihre derzeitige Marktkapitalisierung erl\u00f6st und damit ihre f\u00fcr dieses Jahr selbst gesetzten, ehrgeizigen Ziele f\u00fcr die Ver\u00e4u\u00dferung von Beteiligungen weit \u00fcbertroffen.<\/p>\n<p>Die German Startups Group h\u00e4lt auch nach dem Verkauf ihrer Mehrheitsbeteiligung weiterhin ein umfangreiches Portfolio aussichtsreicher Beteiligungen an jungen deutschen Technologie-Wachstumsunternehmen, darunter AuctionTech, Ceritech, Fiagon, Mister Spex, Remerge und Simplesurance. Auch in 2020 stellt die Gesch\u00e4ftsf\u00fchrung Anteilsver\u00e4u\u00dferungen in den Vordergrund und rechnet damit, dass das in den beabsichtigten F\u00e4llen durch Tradesales und Exits gelingen wird und sie dabei weitere, signifikante Ver\u00e4u\u00dferungsgewinne erzielen kann.<\/p>\n<p>Die Gesch\u00e4ftsf\u00fchrung plant keine Re-Investments der nun vereinnahmten Ver\u00e4u\u00dferungserl\u00f6se in Beteiligungen an Startups im Venture Capital-Reifestadium, nachdem die letzten Jahre gezeigt haben, dass die unausweichlich eingeschr\u00e4nkte Transparenz bzgl. der Finanzzahlen ihrer Beteiligungen am Kapitalmarkt zu einem hohen Kursabschlag auf den Net Asset Value (NAV) pro Aktie f\u00fchrt. Solange die Aktie in den Augen der Gesch\u00e4ftsf\u00fchrung deutlich unter dem NAV pro Aktie notiert, will sie Ver\u00e4u\u00dferungserl\u00f6se vorbehaltlich der Zustimmung des Aufsichtsrats vielmehr f\u00fcr weitere R\u00fcckk\u00e4ufe der eigenen Aktie nutzen und den f\u00fcr die bezugsrechtsfreie Verwendung der eigenen Aktien zul\u00e4ssigen Rahmen voll aussch\u00f6pfen. In 2019 hat die Gesellschaft bereits mehr als 900.000 eigene Aktien oder 7,7% der Gesamtzahl ihrer per Jahresende 2018 ausstehenden Aktien erworben, was einer entsprechend hohen steuerfreien Aussch\u00fcttung wirtschaftlich gleichkommt. Die Gesch\u00e4ftsf\u00fchrung sieht das per 31.12.2019 prognostizierte Eigenkapital pro Aktie als guten Indikator f\u00fcr den NAV pro Aktie an.<\/p>\n<p>Die Gesch\u00e4ftsf\u00fchrung der German Startups Group blickt mit gro\u00dfer Zuversicht in das neue Jahr.<\/p>\n<p>&nbsp;<\/p>\n<p><strong>Investor Relations Kontakt<\/strong><br \/>\n<strong>German Startups Group<\/strong><br \/>\nMarcel Doeppes<br \/>\nir@tpgholding.com<br \/>\n<a href=\"https:\/\/tpgholding.com\/\">www.tpgholding.com<\/a><\/p>\n<p>&nbsp;<\/p>\n<p><u><a target=\"_blank\" rel=\"nofollow\" rel=\"noopener\">Hier klicken f\u00fcr die PDF-Version<\/a><\/u><\/p>\n<p>&nbsp;<\/p>\n<p><strong>German Startups Group<\/strong><\/p>\n<p>Die German Startups Group ist ein b\u00f6rsennotierter, f\u00fchrender Venture Capital-Anbieter in Deutschland und zugleich Digitalagentur mit 150 Mitarbeitern mit Sitz in Berlin und mit Fokus auf junge, schnell wachsende Unternehmen, sog. Startups. Sie erwirbt Mehrheits- und Minderheitsbeteiligungen durch Bereitstellung von Venture Capital. Ihr Fokus liegt auf deutschen Tech-Wachstumsunternehmen, deren Produkte oder Gesch\u00e4ftsmodelle eine disruptive Innovation aufweisen, eine hohe Skalierbarkeit erwarten lassen und bei denen sie Vertrauen in die unternehmerischen F\u00e4higkeiten der Gr\u00fcnder hat. Seit der Aufnahme der Gesch\u00e4ftst\u00e4tigkeit im Jahr 2012 hat die German Startups Group ein diversifiziertes Portfolio von Anteilen an solchen Unternehmen aufgebaut und sich zum aktivsten privaten Venture-Capital-Investor seit 2012 in Deutschland entwickelt (CB Insights 2015, PitchBook 2016). Daneben betreibt die Gesellschaft mit der G|S Market\u2122 ihrer hundertprozentigen Tochtergesellschaft German Startups Market GmbH seit Juni 2018 eine Sekund\u00e4rmarktplattform f\u00fcr die Assetklasse &lt;German Startups | VC | Tech&gt;. Ihre mehrheitliche Beteiligung German Startups Asset Management GmbH wird k\u00fcnftig neuartige, eigene VC-Fonds auflegen und auf G|S Market auf Erwerberseite Zweckgesellschaften (\u201eSPVs\u201c) bereitstellen, um mehreren Anlegern in Form von gepoolten Investments auch den Erwerb gr\u00f6\u00dferer Investmentopportunit\u00e4ten zu erm\u00f6glichen.<\/p>\n<p><strong>ABOUT ENDAVA<\/strong><\/p>\n<p>Endava is a leading next-generation technology services provider and helps accelerate disruption by delivering rapid evolution to enterprises. Using distributed enterprise agile at scale, Endava collaborates with its clients, seamlessly integrating with their teams, catalysing ideation and delivering robust solutions. Endava helps its clients become digital, experience-driven businesses by assisting them in their journey from idea generation to development and deployment of products, platforms and solutions. It services clients in the following industries: Payments and Financial Services, TMT, Consumer Products, Retail, Logistics and Healthcare.<\/p>\n<p>Endava had 5,904 employees as of September 30, 2019 located in offices in North America and Western Europe and delivery centres in Romania, Moldova, Bulgaria, Serbia, North Macedonia, Argentina, Uruguay, Venezuela, and Colombia.<\/p>\n<p><strong>Haftungsausschluss<\/strong><\/p>\n<p>Diese Mitteilung darf nicht in den Vereinigten Staaten von Amerika, Kanada, Australien oder Japan ver\u00f6ffentlicht, verteilt oder \u00fcbermittelt werden. Diese Mitteilung ist nicht an Personen gerichtet oder zur \u00dcbermittlung an bzw. zur Nutzung durch solche Personen bestimmt, die Staatsb\u00fcrger oder Einwohner eines Staates, Landes oder anderer Jurisdiktion sind, oder sich dort befinden, wo die \u00dcbermittlung, Ver\u00f6ffentlichung, Zug\u00e4nglichmachung oder Nutzung der Mitteilung gegen geltendes Recht versto\u00dfen oder irgendeine Registrierung oder Zulassung innerhalb einer solchen Jurisdiktion erfordern w\u00fcrde. Weder diese Mitteilung noch ihr Inhalt d\u00fcrfen in den Vereinigten Staaten von Amerika ver\u00f6ffentlicht, versendet, verteilt oder verbreitet werden, und zwar jeweils weder durch Verwendung eines Postdienstes noch eines anderen Mittels oder Instrumentariums des Wirtschaftsverkehrs zwischen den Einzelstaaten oder des Au\u00dfenhandels oder der Einrichtungen einer nationalen Wertpapierb\u00f6rse der Vereinigten Staaten von Amerika. Dies schlie\u00dft unter anderem Fax\u00fcbertragung, elektronische Post, Telex, Telefon und das Internet ein. Auch Kopien dieses Angebots und sonstige damit in Zusammenhang stehende Unterlagen d\u00fcrfen weder in die Vereinigten Staaten von Amerika noch innerhalb der Vereinigten Staaten von Amerika \u00fcbersandt oder \u00fcbermittelt werden. <\/p>\n<p>Diese Mitteilung stellt weder ein Angebot zum Kauf von Wertpapieren noch die Aufforderung zur Abgabe eines Angebots zum Kauf von Wertpapieren der Gesellschaft in den Vereinigten Staaten von Amerika, Deutschland oder sonstigen Staaten dar.<\/p>\n<p>Diese Mitteilung enth\u00e4lt zukunftsgerichtete Aussagen. Diese Aussagen basieren auf der gegenw\u00e4rtigen Sicht, Erwartungen und Annahmen des Managements der German Startups Group GmbH &#038; Co. KGaA und beinhalten bekannte und unbekannte Risiken und Unsicherheiten, die dazu f\u00fchren k\u00f6nnen, dass die tats\u00e4chlichen Resultate, Ergebnisse oder Ereignisse erheblich von den darin enthalten ausdr\u00fccklichen oder impliziten Aussagen abweichen k\u00f6nnen. Die tats\u00e4chlichen Resultate, Ergebnisse oder Ereignisse k\u00f6nnen wesentlich von den darin beschriebenen abweichen aufgrund von, unter anderem, Ver\u00e4nderungen des allgemeinen wirtschaftlichen Umfelds oder der Wettbewerbssituation, Risiken in Zusammenhang mit Kapitalm\u00e4rkten, Wechselkursschwankungen und dem Wettbewerb durch andere Unternehmen, \u00c4nderungen in einer ausl\u00e4ndischen oder inl\u00e4ndischen Rechtsordnung insbesondere betreffend das steuerrechtliche Umfeld, die German Startups Group GmbH &#038; Co. KGaA betreffen, oder durch andere Faktoren. Die German Startups Group GmbH &#038; Co. KGaA \u00fcbernimmt keine Verpflichtung, zukunftsgerichtete Aussagen zu aktualisieren.<\/p>\n<p>&nbsp;<\/p>\n<p>Mehr Informationen unter <a href=\"https:\/\/tpgholding.com\/\">https:\/\/tpgholding.com\/<\/a>.<\/p>\n<p>&nbsp;<\/p>\n","protected":false},"excerpt":{"rendered":"<p>&nbsp; +++ Ad-hoc Mitteilung +++ Ver\u00f6ffentlichung einer Insiderinformation nach Artikel 17 Absatz 1 der Verordnung (EU) 596\/2014 \u00fcber Marktmissbrauch (Marktmissbrauchsverordnung &#8211; MAR) German Startups Group ver\u00e4u\u00dfert ihre Mehrheitsbeteiligung und erl\u00f6st daf\u00fcr einen Preis in H\u00f6he von zwei Drittel ihrer Marktkapitalisierung Berlin, 17. Dezember 2019, 14:38h \u2013 Die German Startups Group, ein f\u00fchrender Venture-Capital-Investor in Deutschland [&hellip;]<\/p>\n","protected":false},"author":4,"featured_media":0,"parent":0,"menu_order":0,"comment_status":"closed","ping_status":"closed","template":"page-full.php","meta":[],"_links":{"self":[{"href":"https:\/\/tpgholding.com\/index.php\/wp-json\/wp\/v2\/pages\/12921"}],"collection":[{"href":"https:\/\/tpgholding.com\/index.php\/wp-json\/wp\/v2\/pages"}],"about":[{"href":"https:\/\/tpgholding.com\/index.php\/wp-json\/wp\/v2\/types\/page"}],"author":[{"embeddable":true,"href":"https:\/\/tpgholding.com\/index.php\/wp-json\/wp\/v2\/users\/4"}],"replies":[{"embeddable":true,"href":"https:\/\/tpgholding.com\/index.php\/wp-json\/wp\/v2\/comments?post=12921"}],"version-history":[{"count":2,"href":"https:\/\/tpgholding.com\/index.php\/wp-json\/wp\/v2\/pages\/12921\/revisions"}],"predecessor-version":[{"id":17840,"href":"https:\/\/tpgholding.com\/index.php\/wp-json\/wp\/v2\/pages\/12921\/revisions\/17840"}],"wp:attachment":[{"href":"https:\/\/tpgholding.com\/index.php\/wp-json\/wp\/v2\/media?parent=12921"}],"curies":[{"name":"wp","href":"https:\/\/api.w.org\/{rel}","templated":true}]}}