{"id":13477,"date":"2020-09-10T11:57:41","date_gmt":"2020-09-10T09:57:41","guid":{"rendered":"http:\/\/www.german-startups.com\/?page_id=13477"},"modified":"2020-09-10T12:08:54","modified_gmt":"2020-09-10T10:08:54","slug":"pressemitteilung-vom-10-september-2020","status":"publish","type":"page","link":"https:\/\/tpgholding.com\/index.php\/pressemitteilung-vom-10-september-2020\/","title":{"rendered":"Pressemitteilung vom <br> 10. September 2020"},"content":{"rendered":"<p style=\"text-align: center;\"><img decoding=\"async\" src=\"https:\/\/tpgholding.com\/wp-content\/uploads\/2018\/08\/GS_Group_transparent-150x150.png\" alt=\"GS_Group_transparent\" \/><\/p>\n<p>&nbsp;<\/p>\n<p style=\"text-align: center; padding: 0px; margin: 0px;\">+++ Pressemitteilung +++<\/p>\n<p style=\"text-align: center; padding: 50px; margin: 0px;\"><strong>Weg frei f\u00fcr die Fusion der German Startups Group zur SGT German Private Equity<\/strong><\/p>\n<p><strong>Berlin, 10. September 2020 \u2013 <\/strong> Die mit 96 bis 100% Zustimmung getroffenen Beschl\u00fcsse der Hauptversammlung der German Startups Group vom 7. August 2020 wurden zum Handelsregister angemeldet. Innerhalb der daf\u00fcr geltenden Frist ist keine Anfechtungsklage eingereicht worden.<\/p>\n<p>Damit ist der Weg frei f\u00fcr die Fusion mit der SGT Capital Pte. Ltd. zur SGT German Private Equity GmbH &amp; Co KGaA. Mit der Handelsregistereintragung der Sachkapitalerh\u00f6hung, Umfirmierung und Sitzverlegung ist nun in den n\u00e4chsten Wochen zu rechnen. Durch die Fusion entsteht ein in Deutschland beheimateter, b\u00f6rsennotierter Private Equity-Asset Manager. Zugleich wird sich die Marktkapitalisierung der Gesellschaft aufgrund der Erh\u00f6hung der Anzahl ausstehender Aktien rechnerisch auf \u00fcber 100 Mio. EUR vervielfachen und die Handelsliquidit\u00e4t der GSG-Aktie d\u00fcrfte sich folglich gegen\u00fcber der Vergangenheit deutlich erh\u00f6hen.<\/p>\n<p>Bis zum 13. Oktober 2020 l\u00e4uft das \u00f6ffentliche Aktienr\u00fcckkaufangebot der German Startups Group f\u00fcr mindestens 5% der ausstehenden Aktien zu einem Kurs von 2,00 EUR. Der Einzug der vorhandenen 1.130.400 eigenen GSG-Aktien ist bereits beschlossen und zum Handelsregister angemeldet.<\/p>\n<p>&nbsp;<\/p>\n<p><strong>Investor Relations Kontakt<\/strong><br \/>\n<strong>German Startups Group<\/strong><br \/>\nFlorian Dammann<br \/>\nir@tpgholding.com<br \/>\n<a href=\"https:\/\/tpgholding.com\/\">www.tpgholding.com<\/a><\/p>\n<p>&nbsp;<\/p>\n<p><u><a href=\"https:\/\/tpgholding.com\/wp-content\/uploads\/2020\/09\/20200910_Weg-frei-fu\u0308r-die-Fusion-der-German-Startups-Group-zur-SGT-German-Private-Equity.pdf\" target=\"_blank\" rel=\"nofollow\" rel=\"\">Hier klicken f\u00fcr die PDF-Version<\/a><\/u><\/p>\n<p>&nbsp;<\/p>\n<p>Mehr Informationen unter <a href=\"https:\/\/tpgholding.com\/\">https:\/\/tpgholding.com\/<\/a> und <a href=\"http:\/\/sgt-capital.com\/\">http:\/\/www.sgt-capital.com\/<\/a>.<\/p>\n<p>&nbsp;<\/p>\n","protected":false},"excerpt":{"rendered":"<p>&nbsp; +++ Pressemitteilung +++ Weg frei f\u00fcr die Fusion der German Startups Group zur SGT German Private Equity Berlin, 10. September 2020 \u2013 Die mit 96 bis 100% Zustimmung getroffenen Beschl\u00fcsse der Hauptversammlung der German Startups Group vom 7. August 2020 wurden zum Handelsregister angemeldet. Innerhalb der daf\u00fcr geltenden Frist ist keine Anfechtungsklage eingereicht worden. [&hellip;]<\/p>\n","protected":false},"author":9,"featured_media":0,"parent":0,"menu_order":0,"comment_status":"closed","ping_status":"closed","template":"page-full.php","meta":[],"_links":{"self":[{"href":"https:\/\/tpgholding.com\/index.php\/wp-json\/wp\/v2\/pages\/13477"}],"collection":[{"href":"https:\/\/tpgholding.com\/index.php\/wp-json\/wp\/v2\/pages"}],"about":[{"href":"https:\/\/tpgholding.com\/index.php\/wp-json\/wp\/v2\/types\/page"}],"author":[{"embeddable":true,"href":"https:\/\/tpgholding.com\/index.php\/wp-json\/wp\/v2\/users\/9"}],"replies":[{"embeddable":true,"href":"https:\/\/tpgholding.com\/index.php\/wp-json\/wp\/v2\/comments?post=13477"}],"version-history":[{"count":2,"href":"https:\/\/tpgholding.com\/index.php\/wp-json\/wp\/v2\/pages\/13477\/revisions"}],"predecessor-version":[{"id":13495,"href":"https:\/\/tpgholding.com\/index.php\/wp-json\/wp\/v2\/pages\/13477\/revisions\/13495"}],"wp:attachment":[{"href":"https:\/\/tpgholding.com\/index.php\/wp-json\/wp\/v2\/media?parent=13477"}],"curies":[{"name":"wp","href":"https:\/\/api.w.org\/{rel}","templated":true}]}}