{"id":13516,"date":"2020-09-15T15:57:59","date_gmt":"2020-09-15T13:57:59","guid":{"rendered":"http:\/\/www.german-startups.com\/?page_id=13516"},"modified":"2020-09-23T12:07:00","modified_gmt":"2020-09-23T10:07:00","slug":"pressemitteilung-vom-15-september-2020","status":"publish","type":"page","link":"https:\/\/tpgholding.com\/index.php\/pressemitteilung-vom-15-september-2020\/","title":{"rendered":"Pressemitteilung vom <br> 15. September 2020"},"content":{"rendered":"<p style=\"text-align: center;\"><img decoding=\"async\" src=\"https:\/\/tpgholding.com\/wp-content\/uploads\/2018\/08\/GS_Group_transparent-150x150.png\" alt=\"GS_Group_transparent\" \/><\/p>\n<p>&nbsp;<\/p>\n<p style=\"text-align: center; padding: 0px; margin: 0px;\">+++ Pressemitteilung +++<\/p>\n<p style=\"text-align: center; padding: 50px; margin: 0px;\"><strong>German Startups Group verzeichnet den Exit ihres<br \/>\nPortfoliounternehmens Fiagon AG Medical Technologies<\/strong><\/p>\n<ul>\n<li> Barmittelzufluss von gut 2,3 Mio. Euro binnen drei Jahren<\/li>\n<li> Ergebniseffekt von knapp 0,4 Mio. Euro <\/li>\n<li> Ver\u00e4u\u00dferungsgewinn von knapp 1,2 Mio. Euro <\/li>\n<\/ul>\n<p><strong>Berlin, 15. September 2020 \u2013 <\/strong> Die German Startups Group, bislang ein f\u00fchrender Venture Capital-Investor in Deutschland und k\u00fcnftig Private Equity Asset Manager, verzeichnet den Exit eines ihrer Portfoliounternehmen. S\u00e4mtliche Aktien der Fiagon AG Medical Technologies, ein f\u00fchrendes Unternehmen f\u00fcr elektromagnetische, chirurgische Navigationsl\u00f6sungen mit Sitz in Henningsdorf bei Berlin, werden \u00fcbernommen von Intersect ENT, Inc., einem an der NASDAQ notierten Medtech-Unternehmen, das die Behandlung von Patienten mit Hals-Nasen-Ohren-Erkrankungen (HNO) transformiert.<\/p>\n<p>Der German Startups Group ist seit ihrem Erstinvestment im Jahr 2015 und derzeit mit einem Anteil von 2,5% an Fiagon beteiligt. Ihr flie\u00dfen aus der Transaktion \u00fcber drei Jahre gut 2,3 Mio. Euro zu. Daneben verbucht die German Startups Group einen Ver\u00e4u\u00dferungsgewinn gegen\u00fcber Anschaffungskosten in H\u00f6he von knapp 1,2 Mio. Euro und gegen\u00fcber ihrem letzten Buchwert in H\u00f6he von knapp 0,4 Mio. Euro. Mit ihrem Investment in Fiagon erzielt die German Startups Group ein Multiple von 2x und eine IRR von 24% p.a.<\/p>\n<p>&nbsp;<\/p>\n<p><strong>Investor Relations Kontakt<\/strong><br \/>\n<strong>German Startups Group<\/strong><br \/>\nFlorian Dammann<br \/>\nir@tpgholding.com<br \/>\n<a href=\"https:\/\/tpgholding.com\/\">www.tpgholding.com<\/a><\/p>\n<p>&nbsp;<\/p>\n<p><u><a href=\"https:\/\/tpgholding.com\/wp-content\/uploads\/2020\/09\/20200923-German-Startups-Group-verzeichnet-den-Exit-ihres-Portfoliounternehmens-Fiagon-AG-Medical-Technologies.pdf\" target=\"_blank\" rel=\"nofollow\" rel=\"\">Hier klicken f\u00fcr die PDF-Version<\/a><\/u><\/p>\n<p>&nbsp;<\/p>\n<p>Mehr Informationen unter <a href=\"https:\/\/tpgholding.com\/\">https:\/\/tpgholding.com\/<\/a> und <a href=\"http:\/\/sgt-capital.com\/\">http:\/\/www.sgt-capital.com\/<\/a>.<\/p>\n<p>&nbsp;<\/p>\n","protected":false},"excerpt":{"rendered":"<p>&nbsp; +++ Pressemitteilung +++ German Startups Group verzeichnet den Exit ihres Portfoliounternehmens Fiagon AG Medical Technologies Barmittelzufluss von gut 2,3 Mio. Euro binnen drei Jahren Ergebniseffekt von knapp 0,4 Mio. Euro Ver\u00e4u\u00dferungsgewinn von knapp 1,2 Mio. Euro Berlin, 15. September 2020 \u2013 Die German Startups Group, bislang ein f\u00fchrender Venture Capital-Investor in Deutschland und k\u00fcnftig [&hellip;]<\/p>\n","protected":false},"author":9,"featured_media":0,"parent":0,"menu_order":0,"comment_status":"closed","ping_status":"closed","template":"page-full.php","meta":[],"_links":{"self":[{"href":"https:\/\/tpgholding.com\/index.php\/wp-json\/wp\/v2\/pages\/13516"}],"collection":[{"href":"https:\/\/tpgholding.com\/index.php\/wp-json\/wp\/v2\/pages"}],"about":[{"href":"https:\/\/tpgholding.com\/index.php\/wp-json\/wp\/v2\/types\/page"}],"author":[{"embeddable":true,"href":"https:\/\/tpgholding.com\/index.php\/wp-json\/wp\/v2\/users\/9"}],"replies":[{"embeddable":true,"href":"https:\/\/tpgholding.com\/index.php\/wp-json\/wp\/v2\/comments?post=13516"}],"version-history":[{"count":1,"href":"https:\/\/tpgholding.com\/index.php\/wp-json\/wp\/v2\/pages\/13516\/revisions"}],"predecessor-version":[{"id":13541,"href":"https:\/\/tpgholding.com\/index.php\/wp-json\/wp\/v2\/pages\/13516\/revisions\/13541"}],"wp:attachment":[{"href":"https:\/\/tpgholding.com\/index.php\/wp-json\/wp\/v2\/media?parent=13516"}],"curies":[{"name":"wp","href":"https:\/\/api.w.org\/{rel}","templated":true}]}}