{"id":14594,"date":"2020-12-21T11:34:27","date_gmt":"2020-12-21T10:34:27","guid":{"rendered":"https:\/\/sgt.phobos.services\/?page_id=14594"},"modified":"2025-01-27T18:04:52","modified_gmt":"2025-01-27T17:04:52","slug":"pressemitteilung-vom-21-dezember-2020","status":"publish","type":"page","link":"https:\/\/tpgholding.com\/index.php\/pressemitteilung-vom-21-dezember-2020\/","title":{"rendered":"Pressemitteilung vom <br> 21. Dezember 2020"},"content":{"rendered":"<p style=\"text-align: center;\"><img decoding=\"async\" src=\"https:\/\/tpgholding.com\/wp-content\/uploads\/2020\/10\/SGT-German-Private-Equity-Logo-2-e1602851449876.png\" alt=\"GS_Group_transparent\" \/><\/p>\n<p>&nbsp;<\/p>\n<p style=\"text-align: center; padding: 0px; margin: 0px;\">+++ Pressemitteilung +++<\/p>\n<p style=\"text-align: center; padding: 50px; margin: 0px;\"><strong>SGT German Private Equity &#8211; designierte Tochtergesellschaft<br \/>\nSGT Capital kommt beim Fundraising gut voran<\/strong><\/p>\n<p><strong>Frankfurt am Main, 21. Dezember 2020 \u2013 <\/strong> SGT Capital Pte. Ltd., ein globaler Alternative Investment und Private Equity Asset Manager und k\u00fcnftige hundertprozentige Tochter der SGT German Private Equity, trifft f\u00fcr ihren neuen Private Equity Fonds auf breites Investoreninteresse. Sie hatte im September Cebile Capital in London mit einem strukturierten Fundraising-Prozess mandatiert, einen f\u00fchrenden globalen Platzierungsberater. Mit diesem im Oktober begonnenen Prozess kommt SGT Capital sehr gut voran. Nach Durchlaufen einer sehr umfangreichen, intensiven Vorbereitungsphase hat SGT Capital die systematische Investorenansprache in den letzten Wochen aufgenommen und befindet sich bereits mit einigen Institutionellen Private Equity-Investoren in USA, Europa und Asien in konkreten Gespr\u00e4chen. <\/p>\n<p>F\u00fcr Anfang 2021 wurden SGT Capital von Investoren Kapitalzusagen in dreistelligem Millionenvolumen in Aussicht gestellt und in h\u00f6herem zweistelligen Millionenvolumen bereits verbindlich zugesagt. Das sehr erfahrene Senior Management Team von SGT Capital hatte f\u00fcr sein Vorl\u00e4ufer-Unternehmen innerhalb von nur zwei Jahren 1,2 Mrd. USD Private Equity in Unternehmen in Europa, Israel und USA investiert und damit f\u00fcr seine Investoren im Zeitraum 2015 bis Anfang 2020 eine R\u00fcckzahlung in H\u00f6he von 2,2x des eingesetzten Kapitals geliefert und mehr als 1,4 Mrd. USD an Bruttover\u00e4u\u00dferungsgewinnen generiert. Dieser weit \u00fcberdurchschnittliche Performance Track Record verschafft SGT Capital eine gute Ausgangsposition f\u00fcr die Investorengewinnung. Ihre Gesch\u00e4ftsf\u00fchrung rechnet mit einem sog. \u201eFirst Close\u201c ihres neuen Private Equity Fonds im zweiten Quartal 2021. Beim First Close sollen die Assets under Management (AuM) mindestens 1 Mrd. USD betragen. F\u00fcr knapp die H\u00e4lfte davon liegen bereits verbindliche Zusagen vor, daneben sog. \u201esoft commitments\u201c f\u00fcr weitere Betr\u00e4ge.<\/p>\n<div style=\"margin-left:80px;\"><em>[Die im obigen Satz erw\u00e4hnten verbindlichen Zusagen haben sich im Februar 2023 leider als unverbindlich erwiesen]<\/em><\/div>\n<p>Die Gesch\u00e4ftsf\u00fchrung der SGT Capital rechnet indessen nicht mehr vor Jahresende mit der ersten Private Equity-Transaktion f\u00fcr die hinter ihr stehenden Fondsinvestoren. Der geplante, bereits im Detail verhandelte und vorbereitete Erwerb eines mittelst\u00e4ndischen Europ\u00e4ischen Unternehmens mit weltweit f\u00fchrender Marktposition in seiner Produktkategorie wurde aufgrund der Auswirkungen der COVID-19-Pandemie in das Jahr 2021 verschoben. Der unvorhergesehene, neuerliche harte Lock-down in vielen L\u00e4ndern Europas hat die Verschiebung erforderlich gemacht, um vor dem Erwerb mehr Transparenz \u00fcber den Umfang und die Dauer der Beeintr\u00e4chtigungen des Gesch\u00e4fts durch die Pandemie und \u00fcber deren erwartete \u00dcberwindung herzustellen. Im Rahmen der Transaktion wurde und wird auch weiterhin mit weiteren Kapitalzusagen von Investoren gerechnet, die sich folglich gleicherma\u00dfen verschoben haben. <\/p>\n<p>Trotz der durch die Pandemie hervorgerufenen Verz\u00f6gerungen bei der ersten Private Equity Transaktion des Fonds und bei dessen Fundraising erwartet die SGT German Private Equity f\u00fcr 2021 weiterhin ein positives Ergebnis. Ab dem Jahr 2022 rechnet sie mit nachhaltigen, planbaren Nettogewinnen aus markt\u00fcblichen Asset Management-Verg\u00fctungen von 0,20 \u2013 0,80 EUR p.a. pro Aktie, je nach Fondsvolumen, die \u00fcberwiegend an die Aktion\u00e4re ausgesch\u00fcttet oder zu Aktienr\u00fcckk\u00e4ufen verwendet werden sollen. <\/p>\n<p>&nbsp;<\/p>\n<p><strong>Investor Relations Kontakt<\/strong><br \/>\n<strong>SGT German Private Equity<\/strong><br \/>\nFlorian Dammann<br \/>\nir@tpgholding.com<br \/>\n<a href=\"https:\/\/tpgholding.com\/\">www.tpgholding.com<\/a><\/p>\n<p>&nbsp;<\/p>\n<p><u><a href=\"https:\/\/tpgholding.com\/wp-content\/uploads\/2025\/01\/20201221_SGT-German-Private-Equity-Tochtergesellschaft-SGT-Capital-kommt-beim-Fundraising-gut-voran.pdf\" target=\"_blank\" rel=\"nofollow\" rel=\"noopener\">Hier klicken f\u00fcr die PDF-Version<\/a><\/u><\/p>\n<p>&nbsp;<\/p>\n<p>Mehr Informationen unter <a href=\"https:\/\/tpgholding.com\/\">https:\/\/tpgholding.com\/<\/a> und <a href=\"http:\/\/sgt-capital.com\/\">http:\/\/www.sgt-capital.com\/<\/a>.<\/p>\n<p>&nbsp;<\/p>\n","protected":false},"excerpt":{"rendered":"<p>&nbsp; +++ Pressemitteilung +++ SGT German Private Equity &#8211; designierte Tochtergesellschaft SGT Capital kommt beim Fundraising gut voran Frankfurt am Main, 21. Dezember 2020 \u2013 SGT Capital Pte. Ltd., ein globaler Alternative Investment und Private Equity Asset Manager und k\u00fcnftige hundertprozentige Tochter der SGT German Private Equity, trifft f\u00fcr ihren neuen Private Equity Fonds auf [&hellip;]<\/p>\n","protected":false},"author":4,"featured_media":0,"parent":0,"menu_order":0,"comment_status":"closed","ping_status":"closed","template":"page-full.php","meta":[],"_links":{"self":[{"href":"https:\/\/tpgholding.com\/index.php\/wp-json\/wp\/v2\/pages\/14594"}],"collection":[{"href":"https:\/\/tpgholding.com\/index.php\/wp-json\/wp\/v2\/pages"}],"about":[{"href":"https:\/\/tpgholding.com\/index.php\/wp-json\/wp\/v2\/types\/page"}],"author":[{"embeddable":true,"href":"https:\/\/tpgholding.com\/index.php\/wp-json\/wp\/v2\/users\/4"}],"replies":[{"embeddable":true,"href":"https:\/\/tpgholding.com\/index.php\/wp-json\/wp\/v2\/comments?post=14594"}],"version-history":[{"count":3,"href":"https:\/\/tpgholding.com\/index.php\/wp-json\/wp\/v2\/pages\/14594\/revisions"}],"predecessor-version":[{"id":17915,"href":"https:\/\/tpgholding.com\/index.php\/wp-json\/wp\/v2\/pages\/14594\/revisions\/17915"}],"wp:attachment":[{"href":"https:\/\/tpgholding.com\/index.php\/wp-json\/wp\/v2\/media?parent=14594"}],"curies":[{"name":"wp","href":"https:\/\/api.w.org\/{rel}","templated":true}]}}