{"id":152,"date":"2014-07-28T11:01:25","date_gmt":"2014-07-28T09:01:25","guid":{"rendered":"http:\/\/n.cache-n.intranet.xoz\/german_startups_group\/max\/trunk\/applications\/web\/?page_id=152"},"modified":"2024-12-09T10:59:39","modified_gmt":"2024-12-09T09:59:39","slug":"impressum","status":"publish","type":"page","link":"https:\/\/tpgholding.com\/index.php\/impressum\/","title":{"rendered":"Impressum"},"content":{"rendered":"<p><strong>Verantwortlich nach dem Mediengesetz<\/strong><\/p>\n<p>The Payments Group Holding GmbH &#038; Co. KGaA<br \/>\nAmtsgericht Frankfurt am Main, HRB\u00a0120599 B<\/p>\n<p>Vertreten durch die pers\u00f6nlich haftende Gesellschafterin<br \/>\nThe Payments Group Management GmbH<br \/>\nGesch\u00e4ftsf\u00fchrer &#8211; Christoph Gerlinger<br \/>\nAmtsgericht Frankfurt am Main, HRB 119380<\/p>\n<p>Humboldtstra\u00dfe 60B<br \/>\n60318 Frankfurt am Main<br \/>\nDeutschland<\/p>\n<p>Tel +49 (0)69-34868224<br \/>\nFax +49 (0)69-34868221<br \/>\nE-Mail info@tpgholding.com<\/p>\n","protected":false},"excerpt":{"rendered":"<p>Verantwortlich nach dem Mediengesetz The Payments Group Holding GmbH &#038; Co. KGaA Amtsgericht Frankfurt am Main, HRB\u00a0120599 B Vertreten durch die pers\u00f6nlich haftende Gesellschafterin The Payments Group Management GmbH Gesch\u00e4ftsf\u00fchrer &#8211; Christoph Gerlinger Amtsgericht Frankfurt am Main, HRB 119380 Humboldtstra\u00dfe 60B 60318 Frankfurt am Main Deutschland Tel +49 (0)69-34868224 Fax +49 (0)69-34868221 E-Mail info@tpgholding.com<\/p>\n","protected":false},"author":1,"featured_media":17343,"parent":0,"menu_order":14,"comment_status":"open","ping_status":"open","template":"page-full.php","meta":[],"_links":{"self":[{"href":"https:\/\/tpgholding.com\/index.php\/wp-json\/wp\/v2\/pages\/152"}],"collection":[{"href":"https:\/\/tpgholding.com\/index.php\/wp-json\/wp\/v2\/pages"}],"about":[{"href":"https:\/\/tpgholding.com\/index.php\/wp-json\/wp\/v2\/types\/page"}],"author":[{"embeddable":true,"href":"https:\/\/tpgholding.com\/index.php\/wp-json\/wp\/v2\/users\/1"}],"replies":[{"embeddable":true,"href":"https:\/\/tpgholding.com\/index.php\/wp-json\/wp\/v2\/comments?post=152"}],"version-history":[{"count":8,"href":"https:\/\/tpgholding.com\/index.php\/wp-json\/wp\/v2\/pages\/152\/revisions"}],"predecessor-version":[{"id":17890,"href":"https:\/\/tpgholding.com\/index.php\/wp-json\/wp\/v2\/pages\/152\/revisions\/17890"}],"wp:featuredmedia":[{"embeddable":true,"href":"https:\/\/tpgholding.com\/index.php\/wp-json\/wp\/v2\/media\/17343"}],"wp:attachment":[{"href":"https:\/\/tpgholding.com\/index.php\/wp-json\/wp\/v2\/media?parent=152"}],"curies":[{"name":"wp","href":"https:\/\/api.w.org\/{rel}","templated":true}]}}