{"id":15203,"date":"2021-06-01T10:47:21","date_gmt":"2021-06-01T08:47:21","guid":{"rendered":"https:\/\/sgt.phobos.services\/?page_id=15203"},"modified":"2021-06-01T10:58:24","modified_gmt":"2021-06-01T08:58:24","slug":"pressemitteilung-vom-1-juni-2021","status":"publish","type":"page","link":"https:\/\/tpgholding.com\/index.php\/pressemitteilung-vom-1-juni-2021\/","title":{"rendered":"Pressemitteilung vom <br> 1. Juni 2021"},"content":{"rendered":"<p style=\"text-align: center;\"><img decoding=\"async\" src=\"https:\/\/tpgholding.com\/wp-content\/uploads\/2020\/10\/SGT-German-Private-Equity-Logo-2-e1602851449876.png\" alt=\"GS_Group_transparent\" \/><\/p>\n<p style=\"text-align: center; padding: 0px; margin: 0px;\">+++ Pressemitteilung +++<\/p>\n<p style=\"text-align: center; padding: 50px; margin: 0px;\"><strong>SGT German Private Equity ver\u00f6ffentlicht ihren Jahresabschluss 2020<\/strong><\/p>\n<p><strong>Frankfurt am Main, 1. Juni 2021 &#8211;\u00a0<\/strong> Die SGT German Private Equity hat ihren Gesch\u00e4ftsbericht f\u00fcr 2020 ver\u00f6ffentlicht.<\/p>\n<p>Er steht auf der Website der Gesellschaft unter dem Punkt \u201eF\u00fcr Aktion\u00e4re\u201c zum Download bereit &#8211; <a href=\"https:\/\/tpgholding.com\/wp-content\/uploads\/2021\/06\/210531-SGF-Gescha%CC%88ftsbericht-2020.pdf\">Gesch\u00e4ftsbericht 2020<\/a>.<\/p>\n<p>&nbsp;<\/p>\n<p><strong>Investor Relations Kontakt<\/strong><br \/>\n<strong>SGT German Private Equity<\/strong><br \/>\nFlorian Dammann<br \/>\nir@tpgholding.com<br \/>\n<a href=\"https:\/\/tpgholding.com\/\">www.tpgholding.com<\/a><\/p>\n<p><u><a href=\"https:\/\/tpgholding.com\/wp-content\/uploads\/2021\/06\/20210601_SGT-German-Private-Equity-vero\u0308ffentlicht-ihren-Jahresabschluss-2020.pdf\" target=\"_blank\" rel=\"nofollow\" rel=\"\">Hier klicken f\u00fcr die PDF-Version<\/a><\/u><\/p>\n<p>Mehr Informationen unter\u00a0<a href=\"https:\/\/tpgholding.com\/\">https:\/\/tpgholding.com\/<\/a>\u00a0und\u00a0<a href=\"http:\/\/sgt-capital.com\/\">http:\/\/www.sgt-capital.com\/<\/a>.<\/p>\n","protected":false},"excerpt":{"rendered":"<p>+++ Pressemitteilung +++ SGT German Private Equity ver\u00f6ffentlicht ihren Jahresabschluss 2020 Frankfurt am Main, 1. Juni 2021 &#8211;\u00a0 Die SGT German Private Equity hat ihren Gesch\u00e4ftsbericht f\u00fcr 2020 ver\u00f6ffentlicht. Er steht auf der Website der Gesellschaft unter dem Punkt \u201eF\u00fcr Aktion\u00e4re\u201c zum Download bereit &#8211; Gesch\u00e4ftsbericht 2020. &nbsp; Investor Relations Kontakt SGT German Private Equity [&hellip;]<\/p>\n","protected":false},"author":4,"featured_media":0,"parent":0,"menu_order":0,"comment_status":"closed","ping_status":"closed","template":"page-full-image.php","meta":[],"_links":{"self":[{"href":"https:\/\/tpgholding.com\/index.php\/wp-json\/wp\/v2\/pages\/15203"}],"collection":[{"href":"https:\/\/tpgholding.com\/index.php\/wp-json\/wp\/v2\/pages"}],"about":[{"href":"https:\/\/tpgholding.com\/index.php\/wp-json\/wp\/v2\/types\/page"}],"author":[{"embeddable":true,"href":"https:\/\/tpgholding.com\/index.php\/wp-json\/wp\/v2\/users\/4"}],"replies":[{"embeddable":true,"href":"https:\/\/tpgholding.com\/index.php\/wp-json\/wp\/v2\/comments?post=15203"}],"version-history":[{"count":1,"href":"https:\/\/tpgholding.com\/index.php\/wp-json\/wp\/v2\/pages\/15203\/revisions"}],"predecessor-version":[{"id":15221,"href":"https:\/\/tpgholding.com\/index.php\/wp-json\/wp\/v2\/pages\/15203\/revisions\/15221"}],"wp:attachment":[{"href":"https:\/\/tpgholding.com\/index.php\/wp-json\/wp\/v2\/media?parent=15203"}],"curies":[{"name":"wp","href":"https:\/\/api.w.org\/{rel}","templated":true}]}}