{"id":15665,"date":"2022-01-18T10:37:40","date_gmt":"2022-01-18T09:37:40","guid":{"rendered":"https:\/\/sgt.phobos.services\/?page_id=15665"},"modified":"2022-10-14T12:33:21","modified_gmt":"2022-10-14T10:33:21","slug":"ad-hoc-mitteilung-vom-18-januar-2022","status":"publish","type":"page","link":"https:\/\/tpgholding.com\/index.php\/ad-hoc-mitteilung-vom-18-januar-2022\/","title":{"rendered":"Ad-hoc Mitteilung vom <br> 18. Januar 2022"},"content":{"rendered":"<p style=\"text-align: center;\"><a href=\"https:\/\/tpgholding.com\/wp-content\/uploads\/2021\/10\/SGT_Logo.png\" rel=\"attachment wp-att-15549\"><img decoding=\"async\" class=\"alignnone\" src=\"https:\/\/tpgholding.com\/wp-content\/uploads\/2021\/10\/SGT_Logo-300x72.png\" alt=\"SGT_Logo\" \/><\/a><\/p>\n<p style=\"text-align: center; padding: 0px; margin: 0px;\">+++ Ad-hoc Mitteilung +++<\/p>\n<p style=\"text-align: center; padding: 50px; margin: 0px;\"><strong>SGT German Private Equity \u2013 Verschiebung des Stichtags f\u00fcr den Aktienr\u00fcckgabeanspruch<br \/>\ngegen Kompensation<\/strong><\/p>\n<p><strong>Frankfurt am Main, 18. Januar 2022 &#8211;\u00a0<\/strong> Die SGT German Private Equity GmbH &#038; Co. KGaA (SGF) hat sich mit ihrer Gro\u00dfaktion\u00e4rin, der SGT Capital LLC (SGTLLC), auf eine zeitliche Verschiebung des Stichtags f\u00fcr die Geltendmachung und Bemessung ihres Aktienr\u00fcckgabeanspruchs von bis zu 25,5 Mio. SGF-Aktien verst\u00e4ndigt. Hintergrund sind leichte Verz\u00f6gerungen beim Closing ihrer ersten PE Transaktion (aufgrund \u00fcblicher Bearbeitungszeiten bei regulatorischen Genehmigungsprozessen) und dem damit einhergehenden First Close des SGT Capital Fund II durch die SGT Capital Pte. Ltd. (SGTPTE). Neuer Stichtag ist der erste Monatsultimo, der auf den Eingang der letzten der f\u00fcr das vorgenannte Closing notwendigen regulatorischen Genehmigung plus drei Wochen folgt, sp\u00e4testens aber Ende August (die SGTPTE rechnet jedoch deutlich fr\u00fcher mit dem Vorliegen der Genehmigungen). Die SGTPTE ist seit ihrem Erwerb durch die SGF von der SGTLLC im Rahmen einer Sachkapitalerh\u00f6hung in 2020\/21 eine hundertprozentige Tochtergesellschaft der SGF. Der Anspruch der SGF auf Aktienr\u00fcckgabe seitens der SGTLLC beruht auf einer Vereinbarung im Rahmen dieser Sachkapitalerh\u00f6hung der damaligen German Startups Group (GSG), aus der die SGF in ihrer aktuellen Struktur hervorgegangen ist.<\/p>\n<p>Im Gegenzug erh\u00e4lt die SGF als Muttergesellschaft der SGTPTE von der SGTLLC eine Kompensation f\u00fcr den verz\u00f6gerungsbedingten Ertragsausfall der SGTPTE in den Gesch\u00e4ftsjahren 2020 und 2021. Damit erh\u00f6ht sich die Gewinnsch\u00e4tzung der SGF f\u00fcr das Gesch\u00e4ftsjahr 2021 von rund 5 Mio. EUR auf gut 11 Mio. EUR (IFRS Konzern). Dies entspricht 0,20 Euro pro Aktie (beziehungsweise mehr als 1,00 Euro pro Aktie bezogen auf die durchschnittliche Anzahl Aktien nach IFRS).<\/p>\n<p>Die genannte Ertragsausfallkompensation f\u00fcr die Gesch\u00e4ftsjahre 2020 und 2021 betr\u00e4gt 6,5 Mio. EUR. F\u00fcr diesen Zeitraum hatte die SGTPTE einen Nettogewinn von knapp 12,8 Mio. EUR geplant. In 2020 hat sie weder Gewinn noch Verlust geliefert, da sie erst ab 26.01.2021 in den Konsolidierungskreis aufgenommen wurde. F\u00fcr 2021 rechnet die SGTPTE mit einem Jahres\u00fcberschuss von etwa 6,3 Mio. EUR, sodass \u00fcber beide Jahre ein verz\u00f6gerungsbedingter Ertragsausfall von knapp 6,5 Mio. EUR zu erwarten ist. Zum Ausgleich \u00fcbertr\u00e4gt die SGTLLC der SGF rund 2,18 Mio. SGF-Aktien zum Ausgabekurs der Kapitalerh\u00f6hung in 2020 von 2,97 EUR pro Aktie. Dadurch verringert sich der eingangs genannte, bedingte Aktienr\u00fcckgabeanspruch auf rund 23,32 Mio. SGF-Aktien. Damit wird die SGF von der SGTLLC r\u00fcckwirkend in etwa so gestellt, als ob beim geplanten Erreichen der Profitabilit\u00e4t der SGTPTE keine Verz\u00f6gerung eingetreten w\u00e4re.<\/p>\n<p>Zus\u00e4tzlich verpflichtet sich die SGTLLC, der SGF auch einen etwaigen Ertragsausfall der SGTPTE f\u00fcr den Zeitraum der Stichtagsverschiebung (vom 31.12.2021 bis zum oben genannten neuen Stichtag) durch \u00dcbertragung weiterer SGF-Aktien zum gleichen Kurs zu kompensieren. F\u00fcr das Gesamtjahr 2022 hatte die SGTPTE einen Gewinn von 11,3 Mio. EUR geplant, von dem mithin gut 0,9 Mio. EUR pro Monat anfallen sollten. Auch diese Zielerreichung der SGTPTE wird jetzt durch die vorstehende Kompensationsverpflichtung der SGTLLC abgesichert. Dazu ist die SGTLLC nur dann nicht verpflichtet, wenn es der SGTPTE gelingt, bis zum Stichtag 100 Mio. USD mehr Kapital einzuwerben als geplant und als Schwelle f\u00fcr die Nichtr\u00fcckgabe von Aktien im Rahmen der Sachkapitalerh\u00f6hung 2020 festgelegt wurde, also mehr als insg. 1,1 Mrd. USD.<\/p>\n<p>&nbsp;<\/p>\n<p><strong>Investor Relations Kontakt<\/strong><br \/>\n<strong>Rosenberg Strategic Communications <\/strong><br \/>\nDirk Schmitt<br \/>\nd.schmitt@rosenbergsc.com<br \/>\n+49 170 302 8833<\/p>\n<p>&nbsp;<\/p>\n<p><strong>\u00dcber SGT German Private Equity<\/strong><\/p>\n<p>SGT German Private Equity ist ein in Deutschland beheimateter, b\u00f6rsennotierter Private Equity-Asset Manager mit Sitz in Frankfurt am Main. Ihre 100%ige Tochtergesellschaft SGT Capital Pte. Ltd. ist ein globaler Alternative Investment- und Private Equity-Asset Manager mit Hauptsitz in Singapur.<\/p>\n<p>F\u00fcr ihren neuen, branchenagnostischen Private Equity-Fonds SGT Capital Fund II mit geografischem Fokus auf Europa und Nordamerika und Laufzeit von zehn Jahren, strebt SGT ein Fundraising-Zielvolumen von 1 bis 3 Mrd. USD an. Das Management Team verf\u00fcgt \u00fcber langj\u00e4hrige F\u00fchrungserfahrungen bei namhaften Adressen \u2013 globalen Private Equity-H\u00e4usern, Managementberatungen und Investmentbanken.<\/p>\n<p>Aus ihrer Historie als ein f\u00fchrender deutscher Venture Capital-Anbieter unter der Marke German Startups Group h\u00e4lt die SGT German Private Equity desweiteren ein Heritage Portfolio an Minderheitsbeteiligungen an teils aussichtsreichen deutschen Startups.<\/p>\n<p>&nbsp;<\/p>\n<p><u><a href=\"https:\/\/tpgholding.com\/wp-content\/uploads\/2022\/01\/20220118_SGT-German-Private-Equity-GmbH-Co.-KGaA-\u2013-Verschiebung-des-Stichtags-fu\u0308r-den-Aktienru\u0308ckgabeanspruch.pdf\" target=\"_blank\" rel=\"nofollow\" rel=\"\">Hier klicken f\u00fcr die PDF-Version<\/a><\/u><\/p>\n<p>Mehr Informationen unter\u00a0<a href=\"https:\/\/tpgholding.com\/\">https:\/\/tpgholding.com\/<\/a>\u00a0und\u00a0<a href=\"https:\/\/sgt-capital.com\/\" class=\"broken_link\">https:\/\/www.sgt-capital.com\/<\/a>.<\/p>\n","protected":false},"excerpt":{"rendered":"<p>+++ Ad-hoc Mitteilung +++ SGT German Private Equity \u2013 Verschiebung des Stichtags f\u00fcr den Aktienr\u00fcckgabeanspruch gegen Kompensation Frankfurt am Main, 18. Januar 2022 &#8211;\u00a0 Die SGT German Private Equity GmbH &#038; Co. KGaA (SGF) hat sich mit ihrer Gro\u00dfaktion\u00e4rin, der SGT Capital LLC (SGTLLC), auf eine zeitliche Verschiebung des Stichtags f\u00fcr die Geltendmachung und Bemessung [&hellip;]<\/p>\n","protected":false},"author":4,"featured_media":0,"parent":0,"menu_order":0,"comment_status":"closed","ping_status":"closed","template":"page-full-image.php","meta":[],"_links":{"self":[{"href":"https:\/\/tpgholding.com\/index.php\/wp-json\/wp\/v2\/pages\/15665"}],"collection":[{"href":"https:\/\/tpgholding.com\/index.php\/wp-json\/wp\/v2\/pages"}],"about":[{"href":"https:\/\/tpgholding.com\/index.php\/wp-json\/wp\/v2\/types\/page"}],"author":[{"embeddable":true,"href":"https:\/\/tpgholding.com\/index.php\/wp-json\/wp\/v2\/users\/4"}],"replies":[{"embeddable":true,"href":"https:\/\/tpgholding.com\/index.php\/wp-json\/wp\/v2\/comments?post=15665"}],"version-history":[{"count":1,"href":"https:\/\/tpgholding.com\/index.php\/wp-json\/wp\/v2\/pages\/15665\/revisions"}],"predecessor-version":[{"id":16299,"href":"https:\/\/tpgholding.com\/index.php\/wp-json\/wp\/v2\/pages\/15665\/revisions\/16299"}],"wp:attachment":[{"href":"https:\/\/tpgholding.com\/index.php\/wp-json\/wp\/v2\/media?parent=15665"}],"curies":[{"name":"wp","href":"https:\/\/api.w.org\/{rel}","templated":true}]}}