{"id":15780,"date":"2022-06-03T08:12:59","date_gmt":"2022-06-03T06:12:59","guid":{"rendered":"https:\/\/sgt.phobos.services\/?page_id=15780"},"modified":"2022-10-12T13:09:39","modified_gmt":"2022-10-12T11:09:39","slug":"pressemitteilung-vom-03-juni-2022","status":"publish","type":"page","link":"https:\/\/tpgholding.com\/index.php\/pressemitteilung-vom-03-juni-2022\/","title":{"rendered":"Pressemitteilung vom <br> 03. Juni 2022"},"content":{"rendered":"<p style=\"text-align: center;\"><a href=\"https:\/\/tpgholding.com\/wp-content\/uploads\/2021\/10\/SGT_Logo.png\" rel=\"attachment wp-att-15549\"><img decoding=\"async\" class=\"alignnone\" src=\"https:\/\/tpgholding.com\/wp-content\/uploads\/2021\/10\/SGT_Logo-300x72.png\" alt=\"SGT_Logo\" \/><\/a><\/p>\n<p style=\"text-align: center; padding: 0px; margin: 0px;\">+++ Pressemitteilung +++<\/p>\n<p style=\"text-align: center; padding: 50px; margin: 0px;\"><strong>SGT German Private Equity \u2013 Gewinn von 10,5 Mio. EUR<br \/>\noder 0,32 EUR pro Aktie in 2021 und positiver Ausblick<br \/>\n<\/strong><\/p>\n<p><strong>Frankfurt am Main, 3. Juni 2022 &#8211;\u00a0<\/strong> Die SGT German Private Equity GmbH &#038; Co. KGaA (SGF), ein b\u00f6rsennotierter Private Equity-Asset Manager, hat im Gesch\u00e4ftsjahr 2021 laut vorl\u00e4ufigem Konzernabschluss (IFRS ungepr\u00fcft) einen Nettogewinn von 10,5 Mio. EUR oder 0,32 EUR pro Aktie verzeichnet (2020: Nettoverlust in H\u00f6he von 0,05 EUR pro Aktie). Das Segment \u201eInvestment&#8221;, das im Wesentlichen das unter dem fr\u00fcheren Firmennamen German Startups Group erworbene Heritage VC Portfolio beinhaltet, weist einen operativen Verlust (EBIT) von 0,6 Mio. EUR aus. Das neue Segment \u201eAsset Management&#8221; tr\u00e4gt nach Abzug von 1,8 Mio. EUR Abschreibungen aus der Kaufpreisallokation mit einem operativen Gewinn (EBIT) von 5,6 Mio. EUR zum Ergebnis bei. Der Gewinn aus dem Segment Asset Management stammt ausschlie\u00dflich aus dem Launch des Asset Managementgesch\u00e4fts der hundertprozentigen SGF-Tochter SGT Capital Pte. Ltd. In Singapur. Die durchschnittliche Anzahl Aktien laut IFRS 2021 betrug 33,1 Mio.<\/p>\n<p>Das Eigenkapital zum 31. Dezember 2021 bel\u00e4uft sich auf 38,7 Mio. EUR (ca. 3,75 EUR pro Aktie; 31.12.2020: 2,60 EUR pro Aktie). Hierbei ist nach IFRS auf 10.311.300 ausstehende Aktien zum 31.12.21 abzustellen, da die im Januar 2021 neu ausgegebenen 50 Mio. Aktien noch nicht als Eigenkapital nach IFRS erfasst und verbucht sind, solange bis die Anzahl der Aktien, die SGT Capital LLC m\u00f6glicherweise zum 30.06.2022 noch an die SGF zur\u00fcckgeben wird, endg\u00fcltig feststeht. Durch die zum 30.06.2022 anstehende Umbuchung ins Eigenkapital d\u00fcrfte das absolute Eigenkapital auf eine Gr\u00f6\u00dfenordnung von \u00fcber 180 Mio. EUR ansteigen. Die SGF h\u00e4lt derzeit 2.719.200 eigene Aktien.<\/p>\n<p>Die SGF plant, ihren Gesch\u00e4ftsbericht 2021 im Juni zu ver\u00f6ffentlichen und ihre Hauptversammlung Mitte Juli 2022 abzuhalten.<\/p>\n<p>F\u00fcr 2022 erwartet die Gesch\u00e4ftsf\u00fchrung ein weiteres Wachstum des in 2021 erfolgreich gestarteten, profitablen Asset Management-Gesch\u00e4fts mit seinen nachhaltigen, wiederkehrenden Erl\u00f6sen. Der Umsatz des Gesamtjahres 2021 d\u00fcrfte bereits im ersten Halbjahr 2022 erreicht werden. Die Gesch\u00e4ftsf\u00fchrung rechnet auch nicht damit, dass der Ukraine-Konflikt, die Covid-19-Pandemie oder der Anstieg der Inflation die Gesch\u00e4ftsentwicklung der SGF sp\u00fcrbar beeintr\u00e4chtigen werden.<\/p>\n<p>Die Gesch\u00e4ftsf\u00fchrung der SGF beabsichtigt in K\u00fcrze, Beschl\u00fcsse \u00fcber die Verwendung des Gewinns 2021 zu fassen und auch die Dividenden- und Aktienr\u00fcckkauf-Strategie f\u00fcr die Zukunft festzulegen.<\/p>\n<p>&nbsp;<\/p>\n<p><strong>Investor Relations Kontakt<\/strong><br \/>\n<strong>Rosenberg Strategic Communications <\/strong><br \/>\nDirk Schmitt<br \/>\nd.schmitt@rosenbergsc.com<br \/>\n+49 170 302 8833<\/p>\n<p>&nbsp;<\/p>\n<p><strong>\u00dcber SGT German Private Equity<\/strong><\/p>\n<p>SGT German Private Equity ist ein in Deutschland beheimateter, b\u00f6rsennotierter Private Equity-Asset Manager mit Sitz in Frankfurt am Main. Ihre 100%ige Tochtergesellschaft SGT Capital Pte. Ltd. ist ein globaler Alternative Investment- und Private Equity-Asset Manager mit Hauptsitz in Singapur.<\/p>\n<p>F\u00fcr ihren neuen, branchenagnostischen Private Equity-Fonds SGT Capital Fund II mit geografischem Fokus auf Europa und Nordamerika und Laufzeit von zehn Jahren, strebt SGT ein Fundraising-Zielvolumen von 1 bis 3 Mrd. USD an. Das Management Team verf\u00fcgt \u00fcber langj\u00e4hrige F\u00fchrungserfahrungen bei namhaften Adressen \u2013 globalen Private Equity-H\u00e4usern, Managementberatungen und Investmentbanken.<\/p>\n<p>Aus ihrer Historie als ein f\u00fchrender deutscher Venture Capital-Anbieter unter der Marke German Startups Group h\u00e4lt die SGT German Private Equity desweiteren ein Heritage Portfolio an Minderheitsbeteiligungen an teils aussichtsreichen deutschen Startups.<\/p>\n<p>&nbsp;<\/p>\n<p><u><a href=\"https:\/\/tpgholding.com\/wp-content\/uploads\/2022\/10\/20220603_SGT-German-Private-Equity-Gewinn-von-105-Mio.-EUR-oder-032-EUR-pro-Aktie-in-2021-und-positiver-Ausblick.pdf\" target=\"_blank\" rel=\"nofollow\" rel=\"\">Hier klicken f\u00fcr die PDF-Version<\/a><\/u><\/p>\n<p>Mehr Informationen unter\u00a0<a href=\"https:\/\/tpgholding.com\/\">https:\/\/tpgholding.com\/<\/a>\u00a0und\u00a0<a href=\"https:\/\/sgt-capital.com\/\">https:\/\/www.sgt-capital.com\/<\/a>.<\/p>\n","protected":false},"excerpt":{"rendered":"<p>+++ Pressemitteilung +++ SGT German Private Equity \u2013 Gewinn von 10,5 Mio. EUR oder 0,32 EUR pro Aktie in 2021 und positiver Ausblick Frankfurt am Main, 3. Juni 2022 &#8211;\u00a0 Die SGT German Private Equity GmbH &#038; Co. KGaA (SGF), ein b\u00f6rsennotierter Private Equity-Asset Manager, hat im Gesch\u00e4ftsjahr 2021 laut vorl\u00e4ufigem Konzernabschluss (IFRS ungepr\u00fcft) einen [&hellip;]<\/p>\n","protected":false},"author":4,"featured_media":0,"parent":0,"menu_order":0,"comment_status":"closed","ping_status":"closed","template":"page-full.php","meta":[],"_links":{"self":[{"href":"https:\/\/tpgholding.com\/index.php\/wp-json\/wp\/v2\/pages\/15780"}],"collection":[{"href":"https:\/\/tpgholding.com\/index.php\/wp-json\/wp\/v2\/pages"}],"about":[{"href":"https:\/\/tpgholding.com\/index.php\/wp-json\/wp\/v2\/types\/page"}],"author":[{"embeddable":true,"href":"https:\/\/tpgholding.com\/index.php\/wp-json\/wp\/v2\/users\/4"}],"replies":[{"embeddable":true,"href":"https:\/\/tpgholding.com\/index.php\/wp-json\/wp\/v2\/comments?post=15780"}],"version-history":[{"count":1,"href":"https:\/\/tpgholding.com\/index.php\/wp-json\/wp\/v2\/pages\/15780\/revisions"}],"predecessor-version":[{"id":16259,"href":"https:\/\/tpgholding.com\/index.php\/wp-json\/wp\/v2\/pages\/15780\/revisions\/16259"}],"wp:attachment":[{"href":"https:\/\/tpgholding.com\/index.php\/wp-json\/wp\/v2\/media?parent=15780"}],"curies":[{"name":"wp","href":"https:\/\/api.w.org\/{rel}","templated":true}]}}