{"id":16445,"date":"2023-01-10T14:16:50","date_gmt":"2023-01-10T13:16:50","guid":{"rendered":"https:\/\/sgt.phobos.services\/?page_id=16445"},"modified":"2025-01-28T11:53:10","modified_gmt":"2025-01-28T10:53:10","slug":"pressemitteilung-vom-10-januar-2023","status":"publish","type":"page","link":"https:\/\/tpgholding.com\/index.php\/pressemitteilung-vom-10-januar-2023\/","title":{"rendered":"Pressemitteilung vom <br> 10. Januar 2023"},"content":{"rendered":"<p style=\"text-align: center;\"><a href=\"https:\/\/tpgholding.com\/wp-content\/uploads\/2021\/10\/SGT_Logo.png\" rel=\"attachment wp-att-15549\"><img decoding=\"async\" class=\"alignnone\" src=\"https:\/\/tpgholding.com\/wp-content\/uploads\/2021\/10\/SGT_Logo-300x72.png\" alt=\"SGT_Logo\" \/><\/a><\/p>\n<p style=\"text-align: center; padding: 0px; margin: 0px;\">+++ Pressemitteilung +++<\/p>\n<p style=\"text-align: center; padding: 50px; margin: 0px;\"><strong>SGT German Private Equity &#8211; Gro\u00dfaktion\u00e4rin SGT Capital LLC<br \/>\nerwirbt weitere Aktien<br \/>\n<\/strong><\/p>\n<p><strong>Frankfurt am Main, 10. Januar 2023 &#8211;\u00a0<\/strong>Die SGT German Private Equity (SGF), ein b\u00f6rsennotierter Private Equity Asset Manager, wurde von ihrer Gro\u00dfaktion\u00e4rin SGT Capital LLC (SGTLLC) informiert, dass diese seit November 2022 mehr als 164.000 SGF-Aktien im Markt erworben hat. Auf diese Weise hat sie entsprechend ihrer Ank\u00fcndigung vom 28. Oktober 2022 ihre urspr\u00fcngliche Beteiligungsquote von 79,3% wieder hergestellt. An der SGTLLC sind die Gesch\u00e4ftsf\u00fchrer der SGF, Carsten Geyer und Christoph Gerlinger, mittelbar zu mehr als einem Drittel beteiligt. Die \u00fcbrigen Anteile an der SGTLLC befinden sich im mittelbaren Besitz der weiteren Partner der SGT Capital-Gruppe, Dr. Marcel Normann, Joseph Pacini, Marianne Rajic und Jens Dino Steinborn. Das Management- und Private Equity-Deal-Team h\u00e4lt somit knapp 80% der SGF-Aktien. Damit ist eine weitreichende Synchronisierung der Interessen mit den au\u00dfenstehenden Aktion\u00e4ren gew\u00e4hrleistet, nicht nur was den Shareholder Value, Dividenden und Aktienr\u00fcckkaufangebote angeht, sondern auch die Handelsliquidit\u00e4t der SGF-Aktie.<\/p>\n<p>Die \u00fcbrigen 20,7% der SGF-Aktien befinden sich im Streubesitz.<\/p>\n<p>Mit der gegen den Markttrend positiven Performance ihrer Aktie in 2022 befand sich die SGF unter den besten f\u00fcnf Werten des 53 Unternehmen umfassenden Scale-Segments der Deutschen B\u00f6rse.<\/p>\n<p>&nbsp;<\/p>\n<p><strong>Investor Relations Kontakt<\/strong><br \/>\n<strong>Rosenberg Strategic Communications <\/strong><br \/>\nDirk Schmitt<br \/>\nd.schmitt@rosenbergsc.com<br \/>\n+49 170 302 8833<\/p>\n<p>&nbsp;<\/p>\n<p><strong>\u00dcber SGT German Private Equity<\/strong><\/p>\n<p>SGT German Private Equity ist ein in Deutschland beheimateter, b\u00f6rsennotierter Private Equity-Asset Manager<br \/>\nmit Sitz in Frankfurt am Main. Ihre 100%ige Tochtergesellschaft SGT Capital Pte. Ltd. ist ein globaler Alternative<br \/>\nInvestment- und Private Equity-Asset Manager mit Hauptsitz in Singapur.<\/p>\n<p>SGT Capital Fund II, mit geografischem Fokus auf Europa und Nordamerika (Fondslaufzeit zehn Jahre), investiert in marktf\u00fchrende Unternehmen und nutzt sein eigenes Fachwissen, um die Unternehmen weiter zu globalisieren, insbesondere in asiatische M\u00e4rkte. SGT strebt ein Fundraising-Zielvolumen von 2 bis 3 Mrd. USD an. Das Management-Team verf\u00fcgt \u00fcber langj\u00e4hrige F\u00fchrungserfahrung bei namhaften Adressen &#8211; globalen Private Equity-H\u00e4usern, Managementberatungen und Investmentbanken. SGT Capital verwaltet derzeit von ihr aufgelegte Private Equity-Fonds und ein Joint Venture mit einem asiatischen Finanzdienstleister in einem Gesamtvolumen von mehr als 800 Mio. USD.<\/p>\n<div style=\"margin-left:80px;\"><em>[Das im obigen Satz erw\u00e4hnte Joint Venture hat sich im Februar 2023 leider als unverbindlich erwiesen]<\/em><\/div>\n<p>Aus ihrer Historie als ein f\u00fchrender deutscher Venture Capital-Anbieter unter der Marke German Startups<br \/>\nGroup h\u00e4lt die SGT German Private Equity desweiteren ein Heritage Portfolio an Minderheitsbeteiligungen an<br \/>\nteils aussichtsreichen deutschen Startups.<\/p>\n<p>&nbsp;<\/p>\n<p><u><a href=\"https:\/\/tpgholding.com\/wp-content\/uploads\/2023\/01\/230110-SGT-German-Private-Equity-Gro\u00dfaktiona\u0308rin-SGT-Capital-LLC-erwirbt-weitere-Aktien.pdf\" target=\"_blank\" rel=\"nofollow\" rel=\"noopener\">Hier klicken f\u00fcr die PDF-Version<\/a><\/u><\/p>\n<p>Mehr Informationen unter\u00a0<a href=\"https:\/\/tpgholding.com\/\">https:\/\/tpgholding.com\/<\/a>\u00a0und\u00a0<a href=\"https:\/\/sgt-capital.com\/\" class=\"broken_link\">https:\/\/www.sgt-capital.com\/<\/a>.<\/p>\n","protected":false},"excerpt":{"rendered":"<p>+++ Pressemitteilung +++ SGT German Private Equity &#8211; Gro\u00dfaktion\u00e4rin SGT Capital LLC erwirbt weitere Aktien Frankfurt am Main, 10. Januar 2023 &#8211;\u00a0Die SGT German Private Equity (SGF), ein b\u00f6rsennotierter Private Equity Asset Manager, wurde von ihrer Gro\u00dfaktion\u00e4rin SGT Capital LLC (SGTLLC) informiert, dass diese seit November 2022 mehr als 164.000 SGF-Aktien im Markt erworben hat. [&hellip;]<\/p>\n","protected":false},"author":4,"featured_media":0,"parent":0,"menu_order":0,"comment_status":"closed","ping_status":"closed","template":"page-full-image.php","meta":[],"_links":{"self":[{"href":"https:\/\/tpgholding.com\/index.php\/wp-json\/wp\/v2\/pages\/16445"}],"collection":[{"href":"https:\/\/tpgholding.com\/index.php\/wp-json\/wp\/v2\/pages"}],"about":[{"href":"https:\/\/tpgholding.com\/index.php\/wp-json\/wp\/v2\/types\/page"}],"author":[{"embeddable":true,"href":"https:\/\/tpgholding.com\/index.php\/wp-json\/wp\/v2\/users\/4"}],"replies":[{"embeddable":true,"href":"https:\/\/tpgholding.com\/index.php\/wp-json\/wp\/v2\/comments?post=16445"}],"version-history":[{"count":2,"href":"https:\/\/tpgholding.com\/index.php\/wp-json\/wp\/v2\/pages\/16445\/revisions"}],"predecessor-version":[{"id":17949,"href":"https:\/\/tpgholding.com\/index.php\/wp-json\/wp\/v2\/pages\/16445\/revisions\/17949"}],"wp:attachment":[{"href":"https:\/\/tpgholding.com\/index.php\/wp-json\/wp\/v2\/media?parent=16445"}],"curies":[{"name":"wp","href":"https:\/\/api.w.org\/{rel}","templated":true}]}}