{"id":16846,"date":"2023-12-12T00:02:17","date_gmt":"2023-12-11T23:02:17","guid":{"rendered":"https:\/\/tpgholding.com\/?page_id=16846"},"modified":"2025-01-28T11:57:44","modified_gmt":"2025-01-28T10:57:44","slug":"sgt-german-private-equity-aktualisiert-planzahlen-fur-2023","status":"publish","type":"page","link":"https:\/\/tpgholding.com\/index.php\/sgt-german-private-equity-aktualisiert-planzahlen-fur-2023\/","title":{"rendered":"Pressemitteilung vom 11. Dezember 2023"},"content":{"rendered":"<div class=\"wp-block-image\">\r\n<figure class=\"aligncenter\"><a href=\"https:\/\/tpgholding.com\/wp-content\/uploads\/2021\/10\/SGT_Logo.png\"><img decoding=\"async\" class=\"aligncenter\" src=\"https:\/\/tpgholding.com\/wp-content\/uploads\/2021\/10\/SGT_Logo-300x72.png\" alt=\"SGT_Logo\" \/><\/a><\/figure><\/div>\r\n<p class=\"has-text-align-center\" style=\"text-align: center;\">+++ Pressemitteilung\u00a0+++<\/p>\r\n<!-- \/wp:paragraph -->\r\n<p>&nbsp;<\/p>\r\n<!-- wp:paragraph {\"align\":\"center\"} -->\r\n<p class=\"has-text-align-center\" style=\"text-align: center;\"><strong>SGT German Private Equity aktualisiert Planzahlen f\u00fcr 2023 <\/strong><\/p>\r\n<!-- \/wp:list-item --><!-- \/wp:list -->\r\n\r\n<!-- wp:paragraph -->\r\n<ul>\r\n<li>Geringer Teil der f\u00fcr 2023 erwarteten Ums\u00e4tze verschiebt sich nach 2024<\/li>\r\n<li>Die Gewinnerwartungen f\u00fcr 2024 erh\u00f6hen sich durch die Verschiebung st\u00e4rker als sie sich f\u00fcr 2023 erm\u00e4\u00dfigen<\/li>\r\n<li>F\u00fcr das 4. Quartal 2023 angestrebtes Aktienr\u00fcckkaufangebot ebenfalls auf 2024 verschoben<\/li>\r\n<\/ul>\r\n<p><strong>Frankfurt am Main, 11. Dezember 2023 \u2013 <\/strong>Die SGT German Private Equity (SGF), ein b\u00f6rsennotierter Private Equity Asset Manager, erwartet f\u00fcr das laufende Gesch\u00e4ftsjahr 2023 in ihrem Segment \u201ePE Asset Management\u201c, dass sich bestimmte Ums\u00e4tze von gut 4 Mio. EUR verz\u00f6gern und statt Ende 2023 erst 2024 anfallen werden. Dennoch erwartet die Gesch\u00e4ftsleitung f\u00fcr ihr Segment \u201ePE Asset Management\u201c nur einen um 1 Mio. EUR geringeren Jahresumsatz als zuvor angek\u00fcndigt, nunmehr von etwa 14 Mio. EUR und einen geringeren Nettogewinn von etwa 6 Mio. EUR. F\u00fcr das Segment \u201eInvestment\u201c erwartet die Gesellschaft unver\u00e4ndert einen Nettoverlust von 1,5 Mio. EUR, wobei dieses Segmentergebnis nur sehr schwer vorhersagbar ist, da es von externen Marktentwicklungen abh\u00e4ngig ist und \u00dcberraschungen einschlie\u00dflich wertaufhellender Erkenntnisse bis Anfang 2024 m\u00f6glich bleiben. Unter dem Strich rechnet die Gesch\u00e4ftsleitung f\u00fcr den Konzern in 2023 mit einem Nettogewinn von etwa 4,5 Mio. EUR oder 10 Cent pro Aktie. Der Buchwert des Eigenkapital pro Aktie w\u00fcrde damit auf etwa 2,25 EUR anschwellen und damit weiterhin deutlich h\u00f6her liegen als der aktuelle Aktienkurs.<br \/><br \/>Die annahmegem\u00e4\u00df ins Jahr 2024 rutschenden Ums\u00e4tze von rund 4 Mio. EUR erh\u00f6hen die Ergebnisaussichten der Jahres 2024 entsprechend deutlich.<br \/><br \/>Die Gesch\u00e4ftsleitung rechnet zugleich nicht mehr damit, das f\u00fcr das vierte Quartal angestrebte Aktienr\u00fcckkaufangebot noch in 2023 realisieren zu k\u00f6nnen. Sie h\u00e4lt gleichwohl grunds\u00e4tzlich an ihrer Absicht fest, ihren Aktion\u00e4re jedes Jahr Dividende zu zahlen und einen Aktienr\u00fcckkauf anzubieten. Allein in 2022 hatte sie auf diese Weise 16 Cent pro Aktie in Geld an ihre Aktion\u00e4re ausgekehrt. Es spricht aus ihrer Sicht auch nichts dagegen, in einem Kalenderjahr zwei Aktienr\u00fcckkaufangebote auszusprechen, wenn sich ein im Vorjahr beabsichtigtes Angebot ins Folgejahr verschoben hat. \u00a0<\/p>\r\n<p>&nbsp;<\/p>\r\n<p><strong>Investor Relations Kontakt<\/strong> <br \/><strong>Rosenberg Strategic Communications <br \/><\/strong> Dirk Schmitt <br \/>d.schmitt@rosenbergsc.com <br \/>+49 170 302 8833<br \/><br \/><\/p>\r\n<!-- \/wp:paragraph -->\r\n\r\n<!-- wp:paragraph -->\r\n<p>\u00a0 <strong>\u00dcber SGT German Private Equity<\/strong> SGT German Private Equity ist ein in Deutschland beheimateter, b\u00f6rsennotierter Private Equity-Asset Manager mit Sitz in Frankfurt am Main. Ihre 100%ige Tochtergesellschaft SGT Capital Pte. Ltd. ist ein globaler Private Equity-Asset Manager mit Hauptsitz in Singapur.<br \/><br \/>SGT Capital Pte. Ltd. ist der Private-Equity-Fondsmanager von mehreren von SGT Capital aufgesetzten Fonds, darunter des SGT Capital II Fonds. SGT Capital ist ein f\u00fchrendes globales Private-Equity-Unternehmen, das in mittelst\u00e4ndische, marktf\u00fchrende Unternehmen investiert und mit dem bestehenden Management zusammenarbeitet, um deren globale Wachstumsambitionen zu beschleunigen.<\/p>\r\n<p><br \/>Der SGT Capital Fund II, mit geografischem Fokus auf Europa und Nordamerika (Fondslaufzeit zehn Jahre), investiert in marktf\u00fchrende Unternehmen in strukturell wachsenden Sektoren, die deutlich schneller wachsen als das globale BIP, und nutzt sein eigenes Fachwissen, um die Unternehmen weiter zu globalisieren, insbesondere in asiatische M\u00e4rkte. SGT Capital versucht stets, die internationalen F\u00e4higkeiten der erworbenen Unternehmen zu verbessern und ihre globalen Skaleneffekte zu steigern. <br \/><br \/>Das SGT-Investment-Management-Team verf\u00fcgt \u00fcber langj\u00e4hrige F\u00fchrungserfahrung bei namhaften Adressen \u2013 globalen Private Equity-H\u00e4usern, Managementberatungen und Investmentbanken. SGT Capital verwaltet derzeit von ihr aufgelegte Private Equity-Fonds und ein Joint Venture mit einem asiatischen Finanzdienstleister in einem Gesamtvolumen von mehr als 800 Mio. USD und strebt ein Fundraising-Zielvolumen von 2 bis 3 Mrd. USD \u00fcber ihre verschiedenen Fonds hinweg an.<\/p>\r\n<div style=\"margin-left: 80px;\"><em>[Das im obigen Satz erw\u00e4hnte Joint Venture hat sich im Februar 2023 leider als unverbindlich erwiesen]<\/em><\/div>\r\n<p>Aus ihrer Historie als ein f\u00fchrender deutscher Venture Capital-Anbieter unter der Marke German Startups Group h\u00e4lt die SGT German Private Equity des Weiteren ein Heritage Portfolio an Minderheitsbeteiligungen an teils aussichtsreichen deutschen Startups. \u00a0<\/p>\r\n<!-- wp:paragraph -->\r\n<p><u><a href=\"http:\/\/tpgholding.com\/wp-content\/uploads\/2023\/12\/20231211-SGT-German-Private-Equity-aktualisiert-Planzahlen-fur-2023-v07B.pdf\" target=\"_blank\" rel=\"nofollow\" rel=\"noopener\">Hier klicken f\u00fcr die PDF-Version<\/a><\/u> Mehr Informationen unter\u00a0<a href=\"https:\/\/tpgholding.com\">https:\/\/tpgholding.com<\/a>\u00a0und\u00a0<a href=\"https:\/\/sgt-capital.com\/\" class=\"broken_link\">https:\/\/www.sgt-capital.com\/<\/a>.<\/p>","protected":false},"excerpt":{"rendered":"<p>+++ Pressemitteilung\u00a0+++ &nbsp; SGT German Private Equity aktualisiert Planzahlen f\u00fcr 2023 Geringer Teil der f\u00fcr 2023 erwarteten Ums\u00e4tze verschiebt sich nach 2024 Die Gewinnerwartungen f\u00fcr 2024 erh\u00f6hen sich durch die Verschiebung st\u00e4rker als sie sich f\u00fcr 2023 erm\u00e4\u00dfigen F\u00fcr das 4. Quartal 2023 angestrebtes Aktienr\u00fcckkaufangebot ebenfalls auf 2024 verschoben Frankfurt am Main, 11. Dezember 2023 [&hellip;]<\/p>\n","protected":false},"author":4,"featured_media":0,"parent":0,"menu_order":0,"comment_status":"closed","ping_status":"closed","template":"page-full-image.php","meta":[],"_links":{"self":[{"href":"https:\/\/tpgholding.com\/index.php\/wp-json\/wp\/v2\/pages\/16846"}],"collection":[{"href":"https:\/\/tpgholding.com\/index.php\/wp-json\/wp\/v2\/pages"}],"about":[{"href":"https:\/\/tpgholding.com\/index.php\/wp-json\/wp\/v2\/types\/page"}],"author":[{"embeddable":true,"href":"https:\/\/tpgholding.com\/index.php\/wp-json\/wp\/v2\/users\/4"}],"replies":[{"embeddable":true,"href":"https:\/\/tpgholding.com\/index.php\/wp-json\/wp\/v2\/comments?post=16846"}],"version-history":[{"count":11,"href":"https:\/\/tpgholding.com\/index.php\/wp-json\/wp\/v2\/pages\/16846\/revisions"}],"predecessor-version":[{"id":17964,"href":"https:\/\/tpgholding.com\/index.php\/wp-json\/wp\/v2\/pages\/16846\/revisions\/17964"}],"wp:attachment":[{"href":"https:\/\/tpgholding.com\/index.php\/wp-json\/wp\/v2\/media?parent=16846"}],"curies":[{"name":"wp","href":"https:\/\/api.w.org\/{rel}","templated":true}]}}