{"id":17792,"date":"2024-11-13T14:15:01","date_gmt":"2024-11-13T13:15:01","guid":{"rendered":"https:\/\/tpgholding.com\/?page_id=17792"},"modified":"2024-11-13T14:18:39","modified_gmt":"2024-11-13T13:18:39","slug":"vorwort-zwischenbericht-2024","status":"publish","type":"page","link":"https:\/\/tpgholding.com\/index.php\/vorwort-zwischenbericht-2024\/","title":{"rendered":"Vorwort Zwischenbericht 2024"},"content":{"rendered":"<figure><img decoding=\"async\" loading=\"lazy\" class=\"alignleft\" src=\"https:\/\/tpgholding.com\/wp-content\/uploads\/2024\/11\/Christoph-Gerlinger-portrait-2.jpg\" alt=\"Portrait_CG\" width=\"280\" height=\"285\" \/><\/figure>\n<p>Christoph Gerlinger | Gr\u00fcnder und CEO<\/p>\n<p><strong>Liebe Aktion\u00e4re, <\/strong><br \/>\n<strong>Liebe Freunde der The Payments Group Holding,<\/strong><\/p>\n<p>wir legen Ihnen heute unseren Zwischenbericht f\u00fcr das erste Halbjahr 2024 vor. <\/p>\n<p>Das erste Halbjahr 2024 war gepr\u00e4gt durch die Beendigung des Private Equity-Asset Management Gesch\u00e4fts, das wir \u00fcber unsere Tochter TGS24 Capital Pte. Ltd. (TGS24), vormals: SGT Capital Pte. Ltd. (SGTPTE ) in Singapur betrieben haben, durch die R\u00fcckabwicklung der Beziehung zur ehemaligen Gro\u00dfaktion\u00e4rin SGT Capital LLC einschlie\u00dflich ihrer unentgeltlicher R\u00fcckgabe von 36,7 Mio. PGH-Aktien an uns und durch die Suche nach einem neuen operativen Gesch\u00e4ftsfeld, die wir zun\u00e4chst im Bereich der Artificial Intelligence betrieben haben.<\/p>\n<p>Im zweiten Quartal haben sich uns sodann verschiedene Opportunit\u00e4ten f\u00fcr ein sogenanntes Reverse Listing er\u00f6ffnet, von denen die mit der The Payments Group am attraktivsten war und sich auch z\u00fcgig konkretisieren lie\u00df. Am 13. August 2024 ist es uns gelungen, einen Kaufvertrag mit den Gesellschaftern der zur The Payments Group geh\u00f6renden Internet Zahlungsdienstleister\/PayTech-Unternehmen zu unterzeichnen.<\/p>\n<p>Wir haben Mehrheitsbeteiligungen an der Funanga AG, Berlin, der Campamocha Ltd., Malta, mit ihren hundertprozentigen Tochterunternehmen Calida Financial Ltd., Malta, und TWBS Ltd., Malta, und der Surfer Rosa Ltd., Isle of Man erworben \u2013 seit kurzem gemeinsam unter der Marke The Payments Group (TPG) operierend. Die Akquisition steht noch unter verschiedenen aufschiebenden Bedingungen.<\/p>\n<p>Durch die Akquisition entsteht eine in Deutschland beheimatete, b\u00f6rsennotierte PayTech-Gruppe, die rund 50 Mitarbeiter besch\u00e4ftigt und \u00fcber mehr als 500.000 technisch angebundene physische Verkaufsstellen in \u00fcber 20 L\u00e4nder verf\u00fcgt, darunter Kioske, Einzelh\u00e4ndler und Tankstellen. Das f\u00fcr 2025 geplante Transaktionsvolumen, das hei\u00dft das \u00fcber die TPG abgewickelte Zahlungsvolumen, liegt auf einer konsolidierten Basis bei etwa 140 Mio. EUR (2024 pro forma\/kons. bei gut 70 Mio. EUR), der geplante Umsatz f\u00fcr 2025 bei rund 15 Mio. EUR (2024 pro forma\/kons. bei knapp 10 Mio. EUR). Die \u00fcbernommenen Gesellschaften sind profitabel und Cashflow-positiv. Das j\u00e4hrliche Umsatzwachstum in den Jahren 2020 bis 2023 betrug knapp 80% p.a. und wird auch in den Jahren 2021 bis 2025e voraussichtlich \u00fcber 50% p.a. betragen.<\/p>\n<p>Zur Umsetzung der Transaktion erwerben wir in einem ersten Schritt 72,9% der Funanga AG und je 75% der beiden anderen Zielgesellschaften, davon 10% gegen 9,15 Mio. EUR in Geld und weitere 62,9%, bzw. 65% gegen \u00dcbertragung von 24,8 Mio. eigenen PGH-Aktien, unter Ausschluss des Bezugsrechts der PGH-Altaktion\u00e4re. Der PGH geh\u00f6ren bereits 2,1% der Funanga AG. Die eigenen Aktien werden somit in vollem Umfang von den derzeitigen Gesellschaftern der drei zu \u00fcbernehmenden Unternehmen zu einem Wertansatz von 2,40 EUR pro PGH-Aktie erworben. Wir wollen bis Ende 2024 weitere eigene PGH-Aktien unter Ausschluss des Bezugsrechts bei Institutionellen Investoren privat platzieren, um das f\u00fcr die Bartranche ben\u00f6tigte Eigenkapital einzuwerben. Daneben erh\u00e4lt die PGH eine bis Sommer 2025 laufende Kaufoption f\u00fcr die verbleibenden 25% an den drei Zielgesellschaften f\u00fcr 23,1 Mio. EUR in Geld.<\/p>\n<p>Meine Gerlinger &#038; Partner GmbH hat einen Anteil von 50% an der Komplement\u00e4rin der PGH, der The Payments Group Management GmbH, vormals German AI Group Management GmbH und SGT German Private Equity Management GmbH, an die nous ventures GmbH von Seth Iorio ver\u00e4u\u00dfert, der als Chief Strategy Officer in die Gesch\u00e4ftsf\u00fchrung der Gruppe eintreten wird. Er ist seit \u00fcber 20 Jahren Internet-Unternehmer. Bereits 2011 war er mein Vorstandskollege bei der b\u00f6rsennotierten Frogster Interactive Pictures AG in Berlin. <\/p>\n<p>Im September 2024 konnten wir verk\u00fcnden, dass unsere neu akquirierte Tochtergesellschaft Calida Financial Ltd. von der maltesischen Finanzaufsicht MFSA eine E-Geld-Lizenz erhalten hat. Diese Lizenz berechtigt die Calida Financial Ltd., innovative E-Geld-Dienstleistungen und -Produkte europaweit anzubieten. Die Lizenz soll nun im Rahmen des daf\u00fcr vorgesehenen Passportierungsprozesses in allen EU-Mitgliedsstaaten aktiviert werden.<\/p>\n<p>Die seit M\u00e4rz 2024 ruhende TGS24\/SGTPTE soll noch im Jahr 2024 liquidiert werden. Ihr Netto-Restverm\u00f6gen von \u00fcber 4 Mio. EUR soll auf die PGH \u00fcbertragen werden. Nennenswerte Aufwendungen f\u00fcr die Liquidation werden nicht erwartet.<\/p>\n<p>Die Umsatzerl\u00f6se in H\u00f6he von 840 TEUR entfallen nahezu ausschlie\u00dflich auf das Segment PE-Asset Management, also die TGS24\/SGTPTE, und beinhalten naturgem\u00e4\u00df nur Ertr\u00e4ge bis zur Einstellung des PE-Asset Managementgesch\u00e4fts per Ende Februar des Berichtszeitraums. Die im direkten Zusammenhang mit den Ertr\u00e4gen aus dem PE-Asset Management stehenden bezogenen Leistungen von 976 TEUR \u00fcbersteigen die realisierten Ums\u00e4tze. <\/p>\n<p>Im Segment \u201eInvestment\u201c prognostizierte die Gesellschaft f\u00fcr die von ihr im VC Heritage-Beteiligungsportfolio gehaltenen Unternehmensanteile f\u00fcr das gesamte Jahr 2024 \u00fcberwiegend Wertsteigerungen und ein positives Ergebnis von mindestens 1 Mio. EUR. Im ersten Halbjahr wurde ein saldierter Gewinn aus der Bilanzierung des Beteiligungsportfolios von 520 TEUR verzeichnet, w\u00e4hrend im gleichen Zeitraum des Vorjahres noch ein Verlust von 1.026 TEUR verbucht wurde.<\/p>\n<p>Insgesamt hat unsere Gesellschaft im ersten Halbjahr einen leichten Verlust in H\u00f6he von 638 TEUR oder 3 Cent pro Aktie erlitten.<\/p>\n<p>Unter dem Strich haben wir die Gesellschaft nach unserer \u00dcberzeugung aus einer sehr schwierigen Situation befreit und binnen kurzer Zeit wieder in eine gute wirtschaftliche Verfassung und sehr aussichtsreiche Position gebracht.<\/p>\n<p>Frankfurt am Main, 31. Oktober 2024<\/p>\n<p><strong>Christoph Gerlinger\u00a0\u00a0\u00a0\u00a0\u00a0\u00a0\u00a0\u00a0\u00a0\u00a0\u00a0\u00a0\u00a0\u00a0\u00a0\u00a0\u00a0\u00a0\u00a0\u00a0\u00a0\u00a0 \u00a0\u00a0\u00a0\u00a0\u00a0\u00a0\u00a0\u00a0\u00a0\u00a0\u00a0\u00a0\u00a0\u00a0\u00a0\u00a0\u00a0\u00a0\u00a0\u00a0\u00a0\u00a0\u00a0\u00a0\u00a0\u00a0\u00a0\u00a0\u00a0\u00a0\u00a0\u00a0\u00a0\u00a0\u00a0\u00a0\u00a0\u00a0\u00a0\u00a0\u00a0\u00a0\u00a0\u00a0\u00a0\u00a0 <\/strong><\/p>\n<p>MD | Gesch\u00e4ftsf\u00fchrer<\/p>\n<p>The Payments Group holding GmbH<\/p>\n<p><a href=\"https:\/\/tpgholding.com\/wp-content\/uploads\/2024\/10\/240630_Zwischenbericht-2024_final.pdf\">Hier gelangen Sie zum vollst\u00e4ndigen Zwischenbericht 2024<\/a><\/p>\n","protected":false},"excerpt":{"rendered":"<p>Christoph Gerlinger | Gr\u00fcnder und CEO Liebe Aktion\u00e4re, Liebe Freunde der The Payments Group Holding, wir legen Ihnen heute unseren Zwischenbericht f\u00fcr das erste Halbjahr 2024 vor. Das erste Halbjahr 2024 war gepr\u00e4gt durch die Beendigung des Private Equity-Asset Management Gesch\u00e4fts, das wir \u00fcber unsere Tochter TGS24 Capital Pte. Ltd. (TGS24), vormals: SGT Capital Pte. [&hellip;]<\/p>\n","protected":false},"author":4,"featured_media":0,"parent":0,"menu_order":0,"comment_status":"closed","ping_status":"closed","template":"page-full-image.php","meta":[],"_links":{"self":[{"href":"https:\/\/tpgholding.com\/index.php\/wp-json\/wp\/v2\/pages\/17792"}],"collection":[{"href":"https:\/\/tpgholding.com\/index.php\/wp-json\/wp\/v2\/pages"}],"about":[{"href":"https:\/\/tpgholding.com\/index.php\/wp-json\/wp\/v2\/types\/page"}],"author":[{"embeddable":true,"href":"https:\/\/tpgholding.com\/index.php\/wp-json\/wp\/v2\/users\/4"}],"replies":[{"embeddable":true,"href":"https:\/\/tpgholding.com\/index.php\/wp-json\/wp\/v2\/comments?post=17792"}],"version-history":[{"count":2,"href":"https:\/\/tpgholding.com\/index.php\/wp-json\/wp\/v2\/pages\/17792\/revisions"}],"predecessor-version":[{"id":17795,"href":"https:\/\/tpgholding.com\/index.php\/wp-json\/wp\/v2\/pages\/17792\/revisions\/17795"}],"wp:attachment":[{"href":"https:\/\/tpgholding.com\/index.php\/wp-json\/wp\/v2\/media?parent=17792"}],"curies":[{"name":"wp","href":"https:\/\/api.w.org\/{rel}","templated":true}]}}