{"id":361,"date":"2014-08-04T16:43:58","date_gmt":"2014-08-04T14:43:58","guid":{"rendered":"http:\/\/n.cache-n.intranet.xoz\/german_startups_group\/max\/trunk\/applications\/web\/?page_id=361"},"modified":"2024-02-28T12:24:31","modified_gmt":"2024-02-28T11:24:31","slug":"management-1","status":"publish","type":"page","link":"https:\/\/tpgholding.com\/index.php\/management-1\/","title":{"rendered":"<span style=\"background-color:#2f5496\">&nbsp;UNSER MANAGEMENT&nbsp;<\/span>"},"content":{"rendered":"<figure class=\"normal\"><img decoding=\"async\" src=\"https:\/\/tpgholding.com\/wp-content\/uploads\/2014\/09\/Christoph-Gerlinger.jpg\" alt=\"Christoph Gerlinger\" \/><\/figure>\n<p style=\"text-align: left; font-weight: normal; line-height: 125%; font-size: 12.5px;\">Christoph Gerlinger ist Gesch\u00e4ftsf\u00fchrer der SGT German Private Equity GmbH &amp; Co. KGaA, die er 2012 gr\u00fcndete und die bis zum Oktober 2020 unter German Startups Group firmierte und ein f\u00fchrender deutscher VC-Anbieter war und in 2020 mit SGT Capital Pte. Ltd. zu SGT German Private Equity GmbH &amp; Co. KGaA fusionierte. Christoph besitzt knapp 20 Jahre F\u00fchrungserfahrung in der Internet-Branche, in denen er eine Reihe von Unternehmen gegr\u00fcndet und ins Leben gerufen hat. Unter anderen gr\u00fcndete er in 2005 <a href=\"https:\/\/tpgholding.com\/wp-content\/uploads\/2018\/01\/Share-price-development-Frogster-CDV.png\" target=\"_blank\" rel=\"nofollow\" rel=\"noopener\">Frogster Interactive Pictures AG<\/a>, f\u00fchrte sie an die B\u00f6rse und leitete sie sieben Jahre lang als CEO. Zuvor war er Deutschlandchef von Infogrames\/Atari und CFO des ebenfalls von ihm an die B\u00f6rse gef\u00fchrten Unter\u00adnehmens <a href=\"https:\/\/tpgholding.com\/wp-content\/uploads\/2018\/01\/Share-price-development-Frogster-CDV.png\" target=\"_blank\" rel=\"nofollow\" rel=\"noopener\">CDV Software Entertainment<\/a>. Christoph wurde von der Wirtschaftswoche als einer der \u201950 interessantesten Gr\u00fcnder\u2019 in Deutschland benannt, vom Bundesvorstand der CDU Deutschland zum externen Experten des Netzwerks \u2018Digitalisierung\u2019 sowie zum Mitglied der Digitalkommission berufen. Das Wirtschaftsministerium hat Christoph 2020 zudem zum Beirat \u2018Junge Digitale Wirtschaft\u2019 ernannt. Christoph ist Diplom-Kaufmann und Absolvent der Singularity University (Executive Program 2017). Gelegentlich ver\u00f6ffentlicht er in verschiedenen Publikationen \u00a0<a href=\"https:\/\/tpgholding.com\/index.php\/presse-presseartikel-unseres-ceos\/\">eigene Beitr\u00e4ge und gibt Interviews.<\/a><\/p>\n","protected":false},"excerpt":{"rendered":"<p>Christoph Gerlinger ist Gesch\u00e4ftsf\u00fchrer der SGT German Private Equity GmbH &amp; Co. KGaA, die er 2012 gr\u00fcndete und die bis zum Oktober 2020 unter German Startups Group firmierte und ein f\u00fchrender deutscher VC-Anbieter war und in 2020 mit SGT Capital Pte. Ltd. zu SGT German Private Equity GmbH &amp; Co. KGaA fusionierte. Christoph besitzt knapp [&hellip;]<\/p>\n","protected":false},"author":4,"featured_media":0,"parent":0,"menu_order":19,"comment_status":"closed","ping_status":"closed","template":"page-full.php","meta":[],"_links":{"self":[{"href":"https:\/\/tpgholding.com\/index.php\/wp-json\/wp\/v2\/pages\/361"}],"collection":[{"href":"https:\/\/tpgholding.com\/index.php\/wp-json\/wp\/v2\/pages"}],"about":[{"href":"https:\/\/tpgholding.com\/index.php\/wp-json\/wp\/v2\/types\/page"}],"author":[{"embeddable":true,"href":"https:\/\/tpgholding.com\/index.php\/wp-json\/wp\/v2\/users\/4"}],"replies":[{"embeddable":true,"href":"https:\/\/tpgholding.com\/index.php\/wp-json\/wp\/v2\/comments?post=361"}],"version-history":[{"count":9,"href":"https:\/\/tpgholding.com\/index.php\/wp-json\/wp\/v2\/pages\/361\/revisions"}],"predecessor-version":[{"id":16967,"href":"https:\/\/tpgholding.com\/index.php\/wp-json\/wp\/v2\/pages\/361\/revisions\/16967"}],"wp:attachment":[{"href":"https:\/\/tpgholding.com\/index.php\/wp-json\/wp\/v2\/media?parent=361"}],"curies":[{"name":"wp","href":"https:\/\/api.w.org\/{rel}","templated":true}]}}