{"id":416,"date":"2014-08-06T12:09:41","date_gmt":"2014-08-06T10:09:41","guid":{"rendered":"http:\/\/n.cache-n.intranet.xoz\/german_startups_group\/max\/trunk\/applications\/web\/?page_id=416"},"modified":"2024-02-28T12:20:37","modified_gmt":"2024-02-28T11:20:37","slug":"management-2","status":"publish","type":"page","link":"https:\/\/tpgholding.com\/index.php\/management-2\/","title":{"rendered":"<span style=\"background-color:#785f9b;color:white\">&nbsp;Christoph Gerlinger&nbsp;<\/span>"},"content":{"rendered":"<figure class=\"normal\"><img decoding=\"async\" src=\"https:\/\/tpgholding.com\/wp-content\/uploads\/2015\/10\/Christoph-Gerlinger.jpg\" alt=\"Christoph Gerlinger\" \/><\/figure>\n<p style=\"text-align:left;line-height:45%\"><span style=\"font-size: 0.38em;\">Christoph Gerlinger besitzt knapp 20 Jahre F\u00fchrungs&shy;erfahrung in der Internet-Branche, in denen er eine Reihe von Unter&shy;nehmen gegr\u00fcndet und mit allen H\u00f6hen und Tiefen aufgebaut hat. Unter anderen gr\u00fcndete er Frogster Interactive Pictures AG, f\u00fchrte sie an die B\u00f6rse und leitete sie sieben Jahre lang als CEO. Zuvor war er Deutsch&shy;landchef von Infogrames\/Atari und CFO des ebenfalls von ihm an die B\u00f6rse gef\u00fchrten Unter&shy;nehmens CDV Software Entertainment. Christoph wurde von der Wirtschafts&shy;woche als einer der &#8217;50 interes&shy;santesten Gr\u00fcnder&#8217; in Deutschland benannt und vom Bundes&shy;vorstand der CDU Deutschland zum externen Experten des Netzwerks &#8216;Digital&shy;isierung&#8217; berufen. Christoph ist Diplom-Kaufmann und Bankkaufmann.<\/span><\/p>\n","protected":false},"excerpt":{"rendered":"<p>Christoph Gerlinger besitzt knapp 20 Jahre F\u00fchrungs&shy;erfahrung in der Internet-Branche, in denen er eine Reihe von Unter&shy;nehmen gegr\u00fcndet und mit allen H\u00f6hen und Tiefen aufgebaut hat. Unter anderen gr\u00fcndete er Frogster Interactive Pictures AG, f\u00fchrte sie an die B\u00f6rse und leitete sie sieben Jahre lang als CEO. Zuvor war er Deutsch&shy;landchef von Infogrames\/Atari und CFO [&hellip;]<\/p>\n","protected":false},"author":4,"featured_media":0,"parent":0,"menu_order":6,"comment_status":"open","ping_status":"open","template":"page-full.php","meta":[],"_links":{"self":[{"href":"https:\/\/tpgholding.com\/index.php\/wp-json\/wp\/v2\/pages\/416"}],"collection":[{"href":"https:\/\/tpgholding.com\/index.php\/wp-json\/wp\/v2\/pages"}],"about":[{"href":"https:\/\/tpgholding.com\/index.php\/wp-json\/wp\/v2\/types\/page"}],"author":[{"embeddable":true,"href":"https:\/\/tpgholding.com\/index.php\/wp-json\/wp\/v2\/users\/4"}],"replies":[{"embeddable":true,"href":"https:\/\/tpgholding.com\/index.php\/wp-json\/wp\/v2\/comments?post=416"}],"version-history":[{"count":6,"href":"https:\/\/tpgholding.com\/index.php\/wp-json\/wp\/v2\/pages\/416\/revisions"}],"predecessor-version":[{"id":16962,"href":"https:\/\/tpgholding.com\/index.php\/wp-json\/wp\/v2\/pages\/416\/revisions\/16962"}],"wp:attachment":[{"href":"https:\/\/tpgholding.com\/index.php\/wp-json\/wp\/v2\/media?parent=416"}],"curies":[{"name":"wp","href":"https:\/\/api.w.org\/{rel}","templated":true}]}}